{"id":3,"date":"2023-10-13T08:24:02","date_gmt":"2023-10-13T08:24:02","guid":{"rendered":"https:\/\/lyconnordic.nyside2.net\/privat\/?page_id=3"},"modified":"2024-03-15T16:44:15","modified_gmt":"2024-03-15T15:44:15","slug":"integritet","status":"publish","type":"page","link":"https:\/\/lyconnordic.se\/privat\/integritet\/","title":{"rendered":"Integritet"},"content":{"rendered":"<strong>S\u00e5 h\u00e4r hanterar vi dina personuppgifter<\/strong>\r\n\r\nP\u00e5 lyconnordic.se v\u00e4rnar vi om din personliga integritet och efterstr\u00e4var alltid en h\u00f6g niv\u00e5 av dataskydd (t.ex. skulle vi aldrig s\u00e4lja dina personuppgifter till ett annat f\u00f6retag). Denna integritetspolicy f\u00f6rklarar hur vi samlar in och anv\u00e4nder din personliga information. Den beskriver ocks\u00e5 dina r\u00e4ttigheter och hur du kan g\u00f6ra dem g\u00e4llande.\r\n\r\nDet \u00e4r viktigt att du ska kunna ta del av och f\u00f6rst\u00e5 integritetspolicyn och k\u00e4nner dig trygg i v\u00e5r behandling av dina personuppgifter. Du \u00e4r alltid v\u00e4lkommen att kontakta oss vid eventuella fr\u00e5gor.\r\n\r\nAll behandling av personuppgifter sker i enlighet med\u00a0dataskyddsf\u00f6rordningen (GDPR).\r\n\r\nHitta den del du \u00e4r intresserad av med hj\u00e4lp av inneh\u00e5llsf\u00f6rteckningen nedan.\r\n\r\n<strong>INNEH\u00c5LLSF\u00d6RTECKNING<\/strong>\r\n\r\n1. Vad \u00e4r en personuppgift och vad \u00e4r en behandling av personuppgifter?\r\n2. Vem \u00e4r ansvarig f\u00f6r de personuppgifter vi samlar in?\r\n3. Vilka personuppgifter samlar vi in och hur anv\u00e4nder vi dem?\r\n4. Fr\u00e5n vilka k\u00e4llor h\u00e4mtar vi dina personuppgifter?\r\n5. Vilka kan vi komma att dela dina personuppgifter med?\r\n6. Hur l\u00e4nge sparar vi dina personuppgifter?\r\n7. Vad har du f\u00f6r r\u00e4ttigheter som registrerad?\r\n8. Hur anv\u00e4nder vi dina uppgifter?\r\n9. Vad \u00e4r cookies och hur anv\u00e4nder vi det?\r\n10. Kan du sj\u00e4lv styra anv\u00e4ndningen av cookies?\r\n11. Hur skyddas dina personuppgifter?\r\n\r\n12. Copyright?\r\n13. Kontaktuppgifter vid fr\u00e5gor om dataskydd?\r\n\r\n<strong>1. Vad \u00e4r en personuppgift och vad \u00e4r en behandling av personuppgifter?<\/strong>\r\n\r\nPersonuppgifter \u00e4r all slags information som direkt eller indirekt kan kopplas till en fysisk person som \u00e4r i livet. Krypterade uppgifter och olika slags elektroniska identiteter (t.ex. IP-nummer) \u00e4r personuppgifter om de kan kopplas till fysiska personer.\r\n\r\nBehandling av personuppgifter inneb\u00e4r allt som vi utf\u00f6r med personuppgifterna. Varje \u00e5tg\u00e4rd som g\u00f6rs med personuppgifter kallas en behandling, oavsett om den utf\u00f6rs automatiserat eller manuellt. Exempel p\u00e5 vanliga behandlingar \u00e4r insamling, registrering, organisering, strukturering, lagring, bearbetning, \u00f6verf\u00f6ring och radering.\r\n\r\n<strong>2. Vem \u00e4r ansvarig f\u00f6r de personuppgifter vi samlar in?<\/strong>\r\n\r\nLycon Nordic Ltd, org. nr 502068-7462 med adress Underhaugsveien 3C, 0354 Oslo (Norge), \u00e4r personuppgiftsansvarig f\u00f6r behandlingen av personuppgifter p\u00e5 denna webbplats.\r\n\r\n<strong>3. Vilka personuppgifter samlar vi in om dig som kund och varf\u00f6r?<\/strong>\r\n\r\n<strong><em>Vid kontakt med Lyconnordic.se (Kontaktformul\u00e4r eller kommentarer) eller Kundtj\u00e4nst<\/em><\/strong>\r\nLyconnordic.se kommer att behandla de personuppgifter som du l\u00e4mnat till oss eller som vi samlar in p\u00e5 Webbplatsen genom cookies i syfte att identifiera dig som bes\u00f6kare, kunna \u00e5terkoppla och fullf\u00f6lja v\u00e5ra \u00e5taganden gentemot dig. De personuppgifter som Lyconnordic.se behandlar om dig som kund \u00e4r namn, salongsnamn, org.nr och\/eller personnummer, adress, e-postadress, IP-adress, webbadress samt telefonnummer.\r\nLagring sker s\u00e5 l\u00e4nge som det kan anses vara relevant och n\u00f6dv\u00e4ndigt i v\u00e5ra egna IT-system.\r\n\r\n<strong>4. Fr\u00e5n vilka k\u00e4llor h\u00e4mtar vi dina personuppgifter?<\/strong>\r\n\r\nDu beh\u00f6ver l\u00e4mna uppgifter till oss n\u00e4r du l\u00e4mnar kommentarer, kontaktar oss via kundtj\u00e4nst eller via hemsidan samt handlar produkter. Uppgifterna lagras s\u00e5 vi ska kunna \u00e5terkoppla till dig.\r\n\r\n<strong>5. Vilka kan vi komma att dela dina personuppgifter med?<\/strong>\r\n\r\nI de fall det \u00e4r n\u00f6dv\u00e4ndigt f\u00f6r att vi ska kunna erbjuda v\u00e5ra tj\u00e4nster delar vi dina personuppgifter med f\u00f6retag som beh\u00f6ver ha dem f\u00f6r att vi ska kunna fullf\u00f6lja v\u00e5rt \u00e5tagande till dig som kund.\r\n\r\n<strong>6. Hur l\u00e4nge sparar vi dina personuppgifter?<\/strong>\r\n\r\nVi sparar aldrig dina personuppgifter l\u00e4ngre \u00e4n vad som \u00e4r n\u00f6dv\u00e4ndigt.\r\n\r\n<strong>7. Vad har du f\u00f6r r\u00e4ttigheter?<\/strong>\r\n\r\nDu har flera r\u00e4ttigheter, s\u00e5 l\u00e4nge vi inte har krav p\u00e5 att behandla dina uppgifter f\u00f6r att fullf\u00f6lja v\u00e5ra \u00e5taganden.\r\n\r\n<strong><em>R\u00e4tt till tillg\u00e5ng (s.k. registerutdrag).\u00a0<\/em><\/strong>\r\nOm du vill veta vilka personuppgifter vi behandlar om just dig kan du beg\u00e4ra att f\u00e5 tillg\u00e5ng till uppgifterna (informationen l\u00e4mnas i form av ett registerutdrag med angivande av \u00e4ndam\u00e5l, kategorier av personuppgifter, lagringsperioder och information om varifr\u00e5n informationen har samlats in).\r\n\r\nN\u00e4r vi f\u00e5r en beg\u00e4ran kan vi komma att fr\u00e5ga om ytterligare uppgifter f\u00f6r att s\u00e4kerst\u00e4lla en effektiv hantering av din beg\u00e4ran och att informationen l\u00e4mnas till r\u00e4tt person.\r\n\r\n<strong><em>R\u00e4tt till r\u00e4ttelse<\/em><\/strong>\r\nDu kan beg\u00e4ra att dina personuppgifter r\u00e4ttas ifall uppgifterna \u00e4r felaktiga. Inom ramen f\u00f6r det angivna \u00e4ndam\u00e5let har du ocks\u00e5 r\u00e4tt att komplettera eventuellt ofullst\u00e4ndiga\r\npersonuppgifter.\r\n\r\n<strong><em>R\u00e4tt till radering<\/em><\/strong>\r\nDu kan beg\u00e4ra radering av personuppgifter vi behandlar om dig ifall:\r\n\u2022 Uppgifterna inte l\u00e4ngre \u00e4r n\u00f6dv\u00e4ndiga f\u00f6r de \u00e4ndam\u00e5l f\u00f6r vilka de har samlats in eller behandlats.\r\n\u2022 Du inv\u00e4nder mot en intresseavv\u00e4gning vi har gjort baserat p\u00e5 ber\u00e4ttigat intresse och ditt sk\u00e4l f\u00f6r inv\u00e4ndning v\u00e4ger tyngre \u00e4n v\u00e5rt ber\u00e4ttigade intresse.\r\n\u2022 Du inv\u00e4nder mot behandling f\u00f6r direktmarknadsf\u00f6rings\u00e4ndam\u00e5l.\r\n\u2022 Personuppgifterna behandlas p\u00e5 ett olagligt s\u00e4tt.\r\n\u2022 Personuppgifterna m\u00e5ste raderas f\u00f6r att uppfylla en r\u00e4ttslig f\u00f6rpliktelse vi omfattas av.\r\n\u2022 Personuppgifter har samlats in om ett barn (under 18 \u00e5r) som du har f\u00f6r\u00e4ldraansvaret f\u00f6r.\r\n\r\nI vissa fall har vi r\u00e4tt att neka din beg\u00e4ran d\u00e5 det finns legala skyldigheter som hindrar oss fr\u00e5n att omedelbart radera vissa personuppgifter. Dessa skyldigheter kommer fr\u00e5n bokf\u00f6rings- och skattelagstiftning, men ocks\u00e5 fr\u00e5n konsumentr\u00e4ttslagstiftning.\u00a0Du har ocks\u00e5 r\u00e4tt till begr\u00e4nsning, r\u00e4tt till inv\u00e4ndning och m\u00f6jlighet att n\u00e4r som helst avs\u00e4ga dig fr\u00e5n all direktmarknadsf\u00f6ring. Marknadsf\u00f6rings\u00e5tg\u00e4rder d\u00e4r du som kund aktivt valt att anv\u00e4nda en av v\u00e5ra tj\u00e4nster eller annars s\u00f6kt upp oss f\u00f6r att f\u00e5 veta mer om v\u00e5ra tj\u00e4nster r\u00e4knas inte som direktmarknadsf\u00f6ring.\r\n\r\n<strong>R\u00e4tt till begr\u00e4nsning av behandling<\/strong>\r\nDu har r\u00e4tt att beg\u00e4ra att behandlingen av dina personuppgifter begr\u00e4nsas om:\r\n\u2013 du bestrider uppgifternas korrekthet (dock endast under en tid som ger oss m\u00f6jlighet att kontrollera detta);\r\n\u2013 behandlingen \u00e4r olaglig och du vill att vi begr\u00e4nsar uppgifterna ist\u00e4llet f\u00f6r att radera dessa;\r\n\u2013 du beh\u00f6ver personuppgifterna f\u00f6r att g\u00f6ra g\u00e4llande eller f\u00f6rsvara r\u00e4ttsliga anspr\u00e5k men vi inte l\u00e4ngre beh\u00f6ver personuppgifterna; eller\r\n\u2013 du har inv\u00e4nder mot behandlingen om vi inte har gjort en intresseavv\u00e4gning.\r\n\r\n<strong>R\u00e4tt att inv\u00e4nda mot behandling<\/strong>\r\nDu har r\u00e4tt att n\u00e4r som helst inv\u00e4nda mot behandlingen av dina personuppgifter som grundar sig p\u00e5 en intresseavv\u00e4gning \u2013 inbegripet profilering. Detta g\u00e4ller dock inte om vi kan uppvisa tvingande ber\u00e4ttigade sk\u00e4l f\u00f6r behandlingen som v\u00e4ger tyngre \u00e4n dina intressen, r\u00e4ttigheter och friheter eller om det sker f\u00f6r fastst\u00e4llande, ut\u00f6vande eller f\u00f6rsvar av r\u00e4ttsliga anspr\u00e5k.\r\n\r\nDu har \u00e4ven r\u00e4tt att inv\u00e4nda mot att dina personuppgifter behandlas f\u00f6r marknadsf\u00f6rings\u00e4ndam\u00e5l, vilket inkluderar profilering i den utstr\u00e4ckning som denna har ett samband med s\u00e5dan direkt marknadsf\u00f6ring. Om du inv\u00e4nder mot marknadsf\u00f6ring och\/eller profilering kommer dina personuppgifter inte l\u00e4ngre att behandlas f\u00f6r s\u00e5dana \u00e4ndam\u00e5l.\r\n\r\n<strong>R\u00e4tt att inge klagom\u00e5l<\/strong>\r\nDu har r\u00e4tt att l\u00e4mna klagom\u00e5l till en beh\u00f6rig tillsynsmyndighet (utan att det p\u00e5verkar n\u00e5got annat administrativt pr\u00f6vningsf\u00f6rfarande eller r\u00e4ttsmedel). Ett s\u00e5dant klagom\u00e5l l\u00e4mnas med f\u00f6rdel till myndigheten i den medlemsstat inom EU\/EES d\u00e4r du har din vanliga hemvist, d\u00e4r du arbetar eller d\u00e4r en \u00f6vertr\u00e4delse av g\u00e4llande lagar och regler f\u00f6r dataskydd p\u00e5st\u00e5s ha f\u00f6rekommit.\r\n\r\n<strong>R\u00e4tt till dataportabilitet<\/strong>\r\nDu har r\u00e4tt att f\u00e5 ut de personuppgifter som r\u00f6r dig som du har l\u00e4mnat till oss i ett strukturerat, allm\u00e4nt anv\u00e4nt och maskinl\u00e4sbart format och har r\u00e4tt att \u00f6verf\u00f6ra dessa till en annan personuppgiftsansvarig (dataportabilitet) n\u00e4r:\r\n\u2013 behandlingen grundar sig p\u00e5 ditt samtycke eller p\u00e5 ett avtal; och\r\n\u2013 behandlingen sker automatiserat.\r\nDu har r\u00e4tt till \u00f6verf\u00f6ring av personuppgifterna direkt fr\u00e5n oss till en annan personuppgiftsansvarig n\u00e4r detta \u00e4r tekniskt m\u00f6jligt.\r\n\r\n<strong>8. Hur anv\u00e4nder vi dina personuppgifter?<\/strong>\r\n\r\nVi kan komma att anv\u00e4nda dina personuppgifter f\u00f6r f\u00f6ljande \u00e4ndam\u00e5l:\r\n<ul>\r\n \t<li>Vid bearbetning av best\u00e4llningar och returer i v\u00e5r webbshop<\/li>\r\n \t<li>Vid sms-aviseringar om leveransstatus<\/li>\r\n \t<li>Vid kontakter ang\u00e5ende eventuella problem med din leverans<\/li>\r\n \t<li>Vid fakturering<\/li>\r\n \t<li>Vid korrespondens om fr\u00e5gor och \u00f6vrig information<\/li>\r\n \t<li>Vid utskick om information &amp; erbjudanden i form av nyhetsbrev, d\u00e5 alltid med instruktioner om hur du kan avanm\u00e4la dig ifr\u00e5n vidare utskick<\/li>\r\n<\/ul>\r\n<strong>9. Vad \u00e4r cookies och hur anv\u00e4nder vi det?<\/strong>\r\n\r\nP\u00e5 Lyconnordic.se anv\u00e4nds cookies. Cookies \u00e4r sm\u00e5 textfiler som lagras p\u00e5 bes\u00f6karens dator och som \u00e4r m\u00f6jliga att anv\u00e4nda f\u00f6r att f\u00f6lja vad bes\u00f6karen g\u00f6r p\u00e5 webbplatsen.\r\n\r\n1) Sessionscookies (en tillf\u00e4llig cookie som upph\u00f6r n\u00e4r du st\u00e4nger din webbl\u00e4sare eller enhet).\r\n2) Varaktiga cookies (cookies som ligger kvar p\u00e5 din dator tills du tar bort dem eller de g\u00e5r ut).\r\n3) F\u00f6rstapartscookies (cookies som s\u00e4tts av webbplatsen du bes\u00f6ker).\r\n4) Tredjepartscookies (cookies som satts av en tredjeparts webbplats. Hos oss anv\u00e4nds dessa i f\u00f6rsta hand f\u00f6r analyser, t.ex. Google Analytics, Google AdWords Facebook, Facebook Pixel, Instagram, Mailchimp.).\r\n\r\nDe cookies vi anv\u00e4nder f\u00f6rb\u00e4ttrar normalt sett de tj\u00e4nster vi erbjuder. N\u00e5gra av v\u00e5ra tj\u00e4nster beh\u00f6ver cookies f\u00f6r att fungera korrekt, medan andra f\u00f6rb\u00e4ttrar tj\u00e4nsterna f\u00f6r dig. Lyconnordic.se anv\u00e4nder inte cookies f\u00f6r att spara personlig information om dig. Permanenta cookies anv\u00e4nds f\u00f6r att lagra bes\u00f6karens eventuella personliga inst\u00e4llningar hos Lyconnordic.se.\r\n\r\n<strong>Remarketing<\/strong>\r\n\r\nV\u00e5r webbplats anv\u00e4nder sig av remarketing vilket inneb\u00e4r att vi har m\u00f6jlighet att visa relevant information f\u00f6r r\u00e4tt person i v\u00e5ra onlinekampanjer. Exempelvis kan vi visa annonser med produkter som du just tittat f\u00f6r att annonserna ska vara s\u00e5 relevanta som m\u00f6jligt f\u00f6r anv\u00e4ndaren. Informationen \u00e4r helt anonym vilket inneb\u00e4r att ingen personlig information sparas.\u00a0Detta inneb\u00e4r att:\r\n\r\n\u2013\u00a0Tredjepartsleverant\u00f6rer, t.ex. Google, visar v\u00e5ra annonser p\u00e5 andra webbplatser p\u00e5 internet\r\n\u2013\u00a0Tredjepartsleverant\u00f6rer, t.ex. Google, anv\u00e4nder cookies f\u00f6r att f\u00f6r att visa annonser utifr\u00e5n v\u00e5ra bes\u00f6kares tidigare bes\u00f6k p\u00e5 v\u00e5r webbplats.\r\n\r\nDu kan enkelt st\u00e4nga av detta genom att st\u00e4nga av cookies i din webbl\u00e4sare.\r\n\r\n<strong>10. Kan du sj\u00e4lv styra anv\u00e4ndningen av cookies?<\/strong>\r\n\r\nGenom att godk\u00e4nna denna policy eller genom att anv\u00e4nda Lyconnordic.se samtycker du till behandlingen av cookies enligt vad som s\u00e4gs h\u00e4r. Om du inte accepterar att cookies anv\u00e4nds kan du st\u00e4nga av cookies i din webbl\u00e4sares s\u00e4kerhetsinst\u00e4llningar. Du kan \u00e4ven st\u00e4lla in webbl\u00e4saren s\u00e5 att du f\u00e5r en fr\u00e5ga varje g\u00e5ng Lyconnordic.se f\u00f6rs\u00f6ker placera en cookie p\u00e5 din dator. Genom webbl\u00e4saren kan ocks\u00e5 tidigare lagrade cookies raderas, se webbl\u00e4sarens hj\u00e4lpsidor f\u00f6r mer information. Du kan n\u00e4r som helst radera cookies manuellt fr\u00e5n din h\u00e5rddisk.\r\nObservera att om du v\u00e4ljer att inte acceptera n\u00e5gra typer av cookies kan funktionaliteten komma att begr\u00e4nsas p\u00e5 webbplatsen.\r\n\r\n<strong>11. Hur skyddas dina personuppgifter?<\/strong>\r\n\r\nLyconnordic.se har vidtagit ett flertal s\u00e4kerhets\u00e5tg\u00e4rder f\u00f6r att h\u00e5lla personuppgifterna i s\u00e4kert f\u00f6rvar: V\u00e5ra anst\u00e4llda \u00e4r under strikta instruktioner att hantera alla personuppgifter i enlighet med g\u00e4llande lagar och regler f\u00f6r personuppgiftsskydd, tillg\u00e5ng till de utrymmen d\u00e4r personuppgifterna lagras \u00e4r begr\u00e4nsad och de anst\u00e4llda m\u00e5ste anv\u00e4nda sig av en personidentifierare, l\u00f6senord och anv\u00e4ndarnamn kr\u00e4vs f\u00f6r att logga in p\u00e5 f\u00f6retagsn\u00e4tverket, vi har brandv\u00e4ggar och antivirusprogram f\u00f6r att skydda och f\u00f6rhindra obeh\u00f6rig tillg\u00e5ng till n\u00e4tverket.\r\n\r\n<strong>12. Copyright?<\/strong>\r\n\r\nAllt inneh\u00e5ll p\u00e5 Lyconnordic.se \u00e4gs av Lycon Nordic Ltd. om inget annat anges. Utan skriftlig till\u00e5telse fr\u00e5n Lycon Nordic \u00e4r det inte till\u00e5tet att kopiera, ladda ner, \u00e4ndra, uppdatera eller p\u00e5 annat s\u00e4tt anv\u00e4nda delar av inneh\u00e5llet till annat \u00e4n generell information. Inneh\u00e5ll och layout skyddas av svensk och internationell lag om upphovsr\u00e4tt.\r\n\r\n<strong>13. Kontaktuppgifter vid fr\u00e5gor om dataskydd?<\/strong>\r\n\r\nVill du veta mer om dina r\u00e4ttigheter eller hur vi hanterar dina personuppgifter? Vi finns tillg\u00e4ngliga f\u00f6r att svara p\u00e5 eventuella fr\u00e5gor p\u00e5\u00a0support@lyconnordic.se.\r\n\r\nLyconnordic.se kan i framtiden g\u00f6ra \u00e4ndringar i denna integritetspolicy. Den senaste versionen av integritetspolicyn finns alltid tillg\u00e4nglig p\u00e5 denna sida.\r\n\r\nSenast uppdaterad: 2021-02-17\r\n\r\n<!-- \/wp:post-content -->","protected":false},"excerpt":{"rendered":"<p>S\u00e5 h\u00e4r hanterar vi dina personuppgifter P\u00e5 lyconnordic.se v\u00e4rnar vi om din personliga integritet och efterstr\u00e4var alltid en h\u00f6g niv\u00e5<\/p>\n","protected":false},"author":1,"featured_media":0,"parent":0,"menu_order":0,"comment_status":"closed","ping_status":"closed","template":"","meta":{"footnotes":""},"class_list":["post-3","page","type-page","status-publish","hentry"],"yoast_head":"<!-- This site is optimized with the Yoast SEO plugin v27.5 - https:\/\/yoast.com\/product\/yoast-seo-wordpress\/ -->\n<title>Integritet - LYCON Nordic - Sweden - Privat<\/title>\n<meta name=\"robots\" content=\"index, follow, max-snippet:-1, max-image-preview:large, max-video-preview:-1\" \/>\n<link rel=\"canonical\" href=\"https:\/\/lyconnordic.se\/privat\/integritet\/\" \/>\n<meta property=\"og:locale\" content=\"sv_SE\" \/>\n<meta property=\"og:type\" content=\"article\" \/>\n<meta property=\"og:title\" content=\"Integritet - LYCON Nordic - Sweden - Privat\" \/>\n<meta property=\"og:description\" content=\"S\u00e5 h\u00e4r hanterar vi dina personuppgifter P\u00e5 lyconnordic.se v\u00e4rnar vi om din personliga integritet och efterstr\u00e4var alltid en h\u00f6g niv\u00e5\" \/>\n<meta property=\"og:url\" content=\"https:\/\/lyconnordic.se\/privat\/integritet\/\" \/>\n<meta property=\"og:site_name\" content=\"LYCON Nordic - Sweden - Privat\" \/>\n<meta property=\"article:modified_time\" content=\"2024-03-15T15:44:15+00:00\" \/>\n<meta name=\"twitter:card\" content=\"summary_large_image\" \/>\n<meta name=\"twitter:label1\" content=\"Ber\u00e4knad l\u00e4stid\" \/>\n\t<meta name=\"twitter:data1\" content=\"11 minuter\" \/>\n<script type=\"application\/ld+json\" class=\"yoast-schema-graph\">{\"@context\":\"https:\\\/\\\/schema.org\",\"@graph\":[{\"@type\":\"WebPage\",\"@id\":\"https:\\\/\\\/lyconnordic.se\\\/privat\\\/integritet\\\/\",\"url\":\"https:\\\/\\\/lyconnordic.se\\\/privat\\\/integritet\\\/\",\"name\":\"Integritet - LYCON Nordic - Sweden - Privat\",\"isPartOf\":{\"@id\":\"https:\\\/\\\/lyconnordic.se\\\/privat\\\/#website\"},\"datePublished\":\"2023-10-13T08:24:02+00:00\",\"dateModified\":\"2024-03-15T15:44:15+00:00\",\"breadcrumb\":{\"@id\":\"https:\\\/\\\/lyconnordic.se\\\/privat\\\/integritet\\\/#breadcrumb\"},\"inLanguage\":\"sv-SE\",\"potentialAction\":[{\"@type\":\"ReadAction\",\"target\":[\"https:\\\/\\\/lyconnordic.se\\\/privat\\\/integritet\\\/\"]}]},{\"@type\":\"BreadcrumbList\",\"@id\":\"https:\\\/\\\/lyconnordic.se\\\/privat\\\/integritet\\\/#breadcrumb\",\"itemListElement\":[{\"@type\":\"ListItem\",\"position\":1,\"name\":\"Hem\",\"item\":\"https:\\\/\\\/lyconnordic.se\\\/privat\\\/\"},{\"@type\":\"ListItem\",\"position\":2,\"name\":\"Integritet\"}]},{\"@type\":\"WebSite\",\"@id\":\"https:\\\/\\\/lyconnordic.se\\\/privat\\\/#website\",\"url\":\"https:\\\/\\\/lyconnordic.se\\\/privat\\\/\",\"name\":\"LYCON Nordic - Sweden\",\"description\":\"Lycon Nordic - Vax, Milt h\u00e5rborttagningsvax, Brasiliansk Vaxning, Exklusivt h\u00e5rborttagningsvax\",\"potentialAction\":[{\"@type\":\"SearchAction\",\"target\":{\"@type\":\"EntryPoint\",\"urlTemplate\":\"https:\\\/\\\/lyconnordic.se\\\/privat\\\/?s={search_term_string}\"},\"query-input\":{\"@type\":\"PropertyValueSpecification\",\"valueRequired\":true,\"valueName\":\"search_term_string\"}}],\"inLanguage\":\"sv-SE\"}]}<\/script>\n<!-- \/ Yoast SEO plugin. -->","yoast_head_json":{"title":"Integritet - LYCON Nordic - Sweden - Privat","robots":{"index":"index","follow":"follow","max-snippet":"max-snippet:-1","max-image-preview":"max-image-preview:large","max-video-preview":"max-video-preview:-1"},"canonical":"https:\/\/lyconnordic.se\/privat\/integritet\/","og_locale":"sv_SE","og_type":"article","og_title":"Integritet - LYCON Nordic - Sweden - Privat","og_description":"S\u00e5 h\u00e4r hanterar vi dina personuppgifter P\u00e5 lyconnordic.se v\u00e4rnar vi om din personliga integritet och efterstr\u00e4var alltid en h\u00f6g niv\u00e5","og_url":"https:\/\/lyconnordic.se\/privat\/integritet\/","og_site_name":"LYCON Nordic - Sweden - Privat","article_modified_time":"2024-03-15T15:44:15+00:00","twitter_card":"summary_large_image","twitter_misc":{"Ber\u00e4knad l\u00e4stid":"11 minuter"},"schema":{"@context":"https:\/\/schema.org","@graph":[{"@type":"WebPage","@id":"https:\/\/lyconnordic.se\/privat\/integritet\/","url":"https:\/\/lyconnordic.se\/privat\/integritet\/","name":"Integritet - LYCON Nordic - Sweden - Privat","isPartOf":{"@id":"https:\/\/lyconnordic.se\/privat\/#website"},"datePublished":"2023-10-13T08:24:02+00:00","dateModified":"2024-03-15T15:44:15+00:00","breadcrumb":{"@id":"https:\/\/lyconnordic.se\/privat\/integritet\/#breadcrumb"},"inLanguage":"sv-SE","potentialAction":[{"@type":"ReadAction","target":["https:\/\/lyconnordic.se\/privat\/integritet\/"]}]},{"@type":"BreadcrumbList","@id":"https:\/\/lyconnordic.se\/privat\/integritet\/#breadcrumb","itemListElement":[{"@type":"ListItem","position":1,"name":"Hem","item":"https:\/\/lyconnordic.se\/privat\/"},{"@type":"ListItem","position":2,"name":"Integritet"}]},{"@type":"WebSite","@id":"https:\/\/lyconnordic.se\/privat\/#website","url":"https:\/\/lyconnordic.se\/privat\/","name":"LYCON Nordic - Sweden","description":"Lycon Nordic - Vax, Milt h\u00e5rborttagningsvax, Brasiliansk Vaxning, Exklusivt h\u00e5rborttagningsvax","potentialAction":[{"@type":"SearchAction","target":{"@type":"EntryPoint","urlTemplate":"https:\/\/lyconnordic.se\/privat\/?s={search_term_string}"},"query-input":{"@type":"PropertyValueSpecification","valueRequired":true,"valueName":"search_term_string"}}],"inLanguage":"sv-SE"}]}},"_links":{"self":[{"href":"https:\/\/lyconnordic.se\/privat\/wp-json\/wp\/v2\/pages\/3","targetHints":{"allow":["GET"]}}],"collection":[{"href":"https:\/\/lyconnordic.se\/privat\/wp-json\/wp\/v2\/pages"}],"about":[{"href":"https:\/\/lyconnordic.se\/privat\/wp-json\/wp\/v2\/types\/page"}],"author":[{"embeddable":true,"href":"https:\/\/lyconnordic.se\/privat\/wp-json\/wp\/v2\/users\/1"}],"replies":[{"embeddable":true,"href":"https:\/\/lyconnordic.se\/privat\/wp-json\/wp\/v2\/comments?post=3"}],"version-history":[{"count":11,"href":"https:\/\/lyconnordic.se\/privat\/wp-json\/wp\/v2\/pages\/3\/revisions"}],"predecessor-version":[{"id":21150,"href":"https:\/\/lyconnordic.se\/privat\/wp-json\/wp\/v2\/pages\/3\/revisions\/21150"}],"wp:attachment":[{"href":"https:\/\/lyconnordic.se\/privat\/wp-json\/wp\/v2\/media?parent=3"}],"curies":[{"name":"wp","href":"https:\/\/api.w.org\/{rel}","templated":true}]}}