{"id":16791,"date":"2023-11-07T08:56:42","date_gmt":"2023-11-07T08:56:42","guid":{"rendered":"https:\/\/lyconnordic.nyside2.net\/privat\/?post_type=product&#038;p=16791"},"modified":"2026-03-23T07:53:37","modified_gmt":"2026-03-23T06:53:37","slug":"munskydd-svart-utan-logga","status":"publish","type":"product","link":"https:\/\/lyconnordic.se\/privat\/produkt\/munskydd-svart-utan-logga\/","title":{"rendered":"Munskydd Svart &#8211; utan logga"},"content":{"rendered":"<p>&nbsp;<\/p>\n<p>AD-PROTECT P Mask \u00e4r en innovativ skyddsmask f\u00f6r professionellt bruk som \u00e4r utvecklad med en antiviral och antimikrobiell teknologi. Kliniska tester visar att masken \u00e4r 99 % effektiv mot COVID-19 och d\u00f6dar viruset 30 minuter efter att det kommit i kontakt med masken.<\/p>\n<ul>\n<li>Virusd\u00f6dande egenskaper h\u00e5ller 50 tv\u00e4ttar p\u00e5 60 grader<\/li>\n<li>Efter 50 tv\u00e4ttar kan masken anv\u00e4ndas som en vanlig skyddsmask f\u00f6r dagligt bruk<\/li>\n<li>Vattenavvisande impregnering<\/li>\n<\/ul>\n<h4>Certifieringar:<\/h4>\n<p>-Oeko tex 1001<br \/>\n-Sedex<br \/>\n-Iso 9001<br \/>\n-BCI<br \/>\n-GOTS<br \/>\n-Global Recycled Standard<br \/>\n-Organic 100<\/p>\n<p><iframe loading=\"lazy\" title=\"adtech washable mask\" width=\"500\" height=\"281\" src=\"https:\/\/www.youtube.com\/embed\/AOasZIPf5js?feature=oembed\" frameborder=\"0\" allow=\"accelerometer; autoplay; clipboard-write; encrypted-media; gyroscope; picture-in-picture; web-share\" referrerpolicy=\"strict-origin-when-cross-origin\" allowfullscreen><\/iframe><\/p>\n<p><iframe loading=\"lazy\" title=\"Scientists in Portugal create reusable mask that disables coronavirus upon contact with fabric\" width=\"500\" height=\"281\" src=\"https:\/\/www.youtube.com\/embed\/FwYheEiq0og?feature=oembed\" frameborder=\"0\" allow=\"accelerometer; autoplay; clipboard-write; encrypted-media; gyroscope; picture-in-picture; web-share\" referrerpolicy=\"strict-origin-when-cross-origin\" allowfullscreen><\/iframe><\/p>\n","protected":false},"excerpt":{"rendered":"<p>AD-PROTECT P Mask \u00e4r en innovativ skyddsmask f\u00f6r professionellt bruk som \u00e4r utvecklad med en antiviral och antimikrobiell teknologi. Kliniska tester visar att masken \u00e4r 99 % effektiv mot COVID-19 och d\u00f6dar viruset 30 minuter efter att det kommit i kontakt med masken.<\/p>\n<ul>\n<li>Virusd\u00f6dande egenskaper h\u00e5ller 50 tv\u00e4ttar p\u00e5 60 grader<\/li>\n<li>Efter 50 tv\u00e4ttar kan masken anv\u00e4ndas som en vanlig skyddsmask f\u00f6r dagligt bruk<\/li>\n<li>Vattenavvisande impregnering<\/li>\n<\/ul>\n<h4>Certifieringar:<\/h4>\n<p>-Oeko tex 1001<br \/>\n-Sedex<br \/>\n-Iso 9001<br \/>\n-BCI<br \/>\n-GOTS<br \/>\n-Global Recycled Standard<br \/>\n-Organic 100<\/p>\n","protected":false},"featured_media":16792,"comment_status":"open","ping_status":"closed","template":"","meta":[],"product_brand":[],"product_cat":[87],"product_tag":[],"class_list":{"0":"post-16791","1":"product","2":"type-product","3":"status-publish","4":"has-post-thumbnail","6":"product_cat-tillbehor","8":"first","9":"instock","10":"taxable","11":"shipping-taxable","12":"purchasable","13":"product-type-simple"},"yoast_head":"<!-- This site is optimized with the Yoast SEO plugin v27.5 - https:\/\/yoast.com\/product\/yoast-seo-wordpress\/ -->\n<title>Munskydd Svart - utan logga - LYCON Nordic - Sweden - Privat<\/title>\n<meta name=\"robots\" content=\"index, follow, max-snippet:-1, max-image-preview:large, max-video-preview:-1\" \/>\n<link rel=\"canonical\" href=\"https:\/\/lyconnordic.se\/privat\/produkt\/munskydd-svart-utan-logga\/\" \/>\n<meta property=\"og:locale\" content=\"sv_SE\" \/>\n<meta property=\"og:type\" content=\"article\" \/>\n<meta property=\"og:title\" content=\"Munskydd Svart - utan logga - LYCON Nordic - Sweden - Privat\" \/>\n<meta property=\"og:description\" content=\"AD-PROTECT P Mask \u00e4r en innovativ skyddsmask f\u00f6r professionellt bruk som \u00e4r utvecklad med en antiviral och antimikrobiell teknologi. Kliniska tester visar att masken \u00e4r 99 % effektiv mot COVID-19 och d\u00f6dar viruset 30 minuter efter att det kommit i kontakt med masken.   Virusd\u00f6dande egenskaper h\u00e5ller 50 tv\u00e4ttar p\u00e5 60 grader  Efter 50 tv\u00e4ttar kan masken anv\u00e4ndas som en vanlig skyddsmask f\u00f6r dagligt bruk  Vattenavvisande impregnering  Certifieringar: -Oeko tex 1001 -Sedex -Iso 9001 -BCI -GOTS -Global Recycled Standard -Organic 100\" \/>\n<meta property=\"og:url\" content=\"https:\/\/lyconnordic.se\/privat\/produkt\/munskydd-svart-utan-logga\/\" \/>\n<meta property=\"og:site_name\" content=\"LYCON Nordic - Sweden - Privat\" \/>\n<meta property=\"article:modified_time\" content=\"2026-03-23T06:53:37+00:00\" \/>\n<meta property=\"og:image\" content=\"https:\/\/lyconnordic.se\/privat\/wp-content\/uploads\/2023\/11\/Maske-svart-uten-logo-1.jpg\" \/>\n\t<meta property=\"og:image:width\" content=\"900\" \/>\n\t<meta property=\"og:image:height\" content=\"900\" \/>\n\t<meta property=\"og:image:type\" content=\"image\/jpeg\" \/>\n<meta name=\"twitter:card\" content=\"summary_large_image\" \/>\n<meta name=\"twitter:label1\" content=\"Ber\u00e4knad l\u00e4stid\" \/>\n\t<meta name=\"twitter:data1\" content=\"1 minut\" \/>\n<script type=\"application\/ld+json\" class=\"yoast-schema-graph\">{\"@context\":\"https:\\\/\\\/schema.org\",\"@graph\":[{\"@type\":\"WebPage\",\"@id\":\"https:\\\/\\\/lyconnordic.se\\\/privat\\\/produkt\\\/munskydd-svart-utan-logga\\\/\",\"url\":\"https:\\\/\\\/lyconnordic.se\\\/privat\\\/produkt\\\/munskydd-svart-utan-logga\\\/\",\"name\":\"Munskydd Svart - utan logga - LYCON Nordic - Sweden - Privat\",\"isPartOf\":{\"@id\":\"https:\\\/\\\/lyconnordic.se\\\/privat\\\/#website\"},\"primaryImageOfPage\":{\"@id\":\"https:\\\/\\\/lyconnordic.se\\\/privat\\\/produkt\\\/munskydd-svart-utan-logga\\\/#primaryimage\"},\"image\":{\"@id\":\"https:\\\/\\\/lyconnordic.se\\\/privat\\\/produkt\\\/munskydd-svart-utan-logga\\\/#primaryimage\"},\"thumbnailUrl\":\"https:\\\/\\\/lyconnordic.se\\\/privat\\\/wp-content\\\/uploads\\\/2023\\\/11\\\/Maske-svart-uten-logo-1.jpg\",\"datePublished\":\"2023-11-07T08:56:42+00:00\",\"dateModified\":\"2026-03-23T06:53:37+00:00\",\"breadcrumb\":{\"@id\":\"https:\\\/\\\/lyconnordic.se\\\/privat\\\/produkt\\\/munskydd-svart-utan-logga\\\/#breadcrumb\"},\"inLanguage\":\"sv-SE\",\"potentialAction\":[{\"@type\":\"ReadAction\",\"target\":[\"https:\\\/\\\/lyconnordic.se\\\/privat\\\/produkt\\\/munskydd-svart-utan-logga\\\/\"]}]},{\"@type\":\"ImageObject\",\"inLanguage\":\"sv-SE\",\"@id\":\"https:\\\/\\\/lyconnordic.se\\\/privat\\\/produkt\\\/munskydd-svart-utan-logga\\\/#primaryimage\",\"url\":\"https:\\\/\\\/lyconnordic.se\\\/privat\\\/wp-content\\\/uploads\\\/2023\\\/11\\\/Maske-svart-uten-logo-1.jpg\",\"contentUrl\":\"https:\\\/\\\/lyconnordic.se\\\/privat\\\/wp-content\\\/uploads\\\/2023\\\/11\\\/Maske-svart-uten-logo-1.jpg\",\"width\":900,\"height\":900},{\"@type\":\"BreadcrumbList\",\"@id\":\"https:\\\/\\\/lyconnordic.se\\\/privat\\\/produkt\\\/munskydd-svart-utan-logga\\\/#breadcrumb\",\"itemListElement\":[{\"@type\":\"ListItem\",\"position\":1,\"name\":\"Hem\",\"item\":\"https:\\\/\\\/lyconnordic.se\\\/privat\\\/\"},{\"@type\":\"ListItem\",\"position\":2,\"name\":\"Produkter\",\"item\":\"https:\\\/\\\/lyconnordic.se\\\/privat\\\/produkter\\\/\"},{\"@type\":\"ListItem\",\"position\":3,\"name\":\"Munskydd Svart &#8211; utan logga\"}]},{\"@type\":\"WebSite\",\"@id\":\"https:\\\/\\\/lyconnordic.se\\\/privat\\\/#website\",\"url\":\"https:\\\/\\\/lyconnordic.se\\\/privat\\\/\",\"name\":\"LYCON Nordic - Sweden\",\"description\":\"Lycon Nordic - Vax, Milt h\u00e5rborttagningsvax, Brasiliansk Vaxning, Exklusivt h\u00e5rborttagningsvax\",\"potentialAction\":[{\"@type\":\"SearchAction\",\"target\":{\"@type\":\"EntryPoint\",\"urlTemplate\":\"https:\\\/\\\/lyconnordic.se\\\/privat\\\/?s={search_term_string}\"},\"query-input\":{\"@type\":\"PropertyValueSpecification\",\"valueRequired\":true,\"valueName\":\"search_term_string\"}}],\"inLanguage\":\"sv-SE\"}]}<\/script>\n<!-- \/ Yoast SEO plugin. -->","yoast_head_json":{"title":"Munskydd Svart - utan logga - LYCON Nordic - Sweden - Privat","robots":{"index":"index","follow":"follow","max-snippet":"max-snippet:-1","max-image-preview":"max-image-preview:large","max-video-preview":"max-video-preview:-1"},"canonical":"https:\/\/lyconnordic.se\/privat\/produkt\/munskydd-svart-utan-logga\/","og_locale":"sv_SE","og_type":"article","og_title":"Munskydd Svart - utan logga - LYCON Nordic - Sweden - Privat","og_description":"AD-PROTECT P Mask \u00e4r en innovativ skyddsmask f\u00f6r professionellt bruk som \u00e4r utvecklad med en antiviral och antimikrobiell teknologi. Kliniska tester visar att masken \u00e4r 99 % effektiv mot COVID-19 och d\u00f6dar viruset 30 minuter efter att det kommit i kontakt med masken.   Virusd\u00f6dande egenskaper h\u00e5ller 50 tv\u00e4ttar p\u00e5 60 grader  Efter 50 tv\u00e4ttar kan masken anv\u00e4ndas som en vanlig skyddsmask f\u00f6r dagligt bruk  Vattenavvisande impregnering  Certifieringar: -Oeko tex 1001 -Sedex -Iso 9001 -BCI -GOTS -Global Recycled Standard -Organic 100","og_url":"https:\/\/lyconnordic.se\/privat\/produkt\/munskydd-svart-utan-logga\/","og_site_name":"LYCON Nordic - Sweden - Privat","article_modified_time":"2026-03-23T06:53:37+00:00","og_image":[{"width":900,"height":900,"url":"https:\/\/lyconnordic.se\/privat\/wp-content\/uploads\/2023\/11\/Maske-svart-uten-logo-1.jpg","type":"image\/jpeg"}],"twitter_card":"summary_large_image","twitter_misc":{"Ber\u00e4knad l\u00e4stid":"1 minut"},"schema":{"@context":"https:\/\/schema.org","@graph":[{"@type":"WebPage","@id":"https:\/\/lyconnordic.se\/privat\/produkt\/munskydd-svart-utan-logga\/","url":"https:\/\/lyconnordic.se\/privat\/produkt\/munskydd-svart-utan-logga\/","name":"Munskydd Svart - utan logga - LYCON Nordic - Sweden - Privat","isPartOf":{"@id":"https:\/\/lyconnordic.se\/privat\/#website"},"primaryImageOfPage":{"@id":"https:\/\/lyconnordic.se\/privat\/produkt\/munskydd-svart-utan-logga\/#primaryimage"},"image":{"@id":"https:\/\/lyconnordic.se\/privat\/produkt\/munskydd-svart-utan-logga\/#primaryimage"},"thumbnailUrl":"https:\/\/lyconnordic.se\/privat\/wp-content\/uploads\/2023\/11\/Maske-svart-uten-logo-1.jpg","datePublished":"2023-11-07T08:56:42+00:00","dateModified":"2026-03-23T06:53:37+00:00","breadcrumb":{"@id":"https:\/\/lyconnordic.se\/privat\/produkt\/munskydd-svart-utan-logga\/#breadcrumb"},"inLanguage":"sv-SE","potentialAction":[{"@type":"ReadAction","target":["https:\/\/lyconnordic.se\/privat\/produkt\/munskydd-svart-utan-logga\/"]}]},{"@type":"ImageObject","inLanguage":"sv-SE","@id":"https:\/\/lyconnordic.se\/privat\/produkt\/munskydd-svart-utan-logga\/#primaryimage","url":"https:\/\/lyconnordic.se\/privat\/wp-content\/uploads\/2023\/11\/Maske-svart-uten-logo-1.jpg","contentUrl":"https:\/\/lyconnordic.se\/privat\/wp-content\/uploads\/2023\/11\/Maske-svart-uten-logo-1.jpg","width":900,"height":900},{"@type":"BreadcrumbList","@id":"https:\/\/lyconnordic.se\/privat\/produkt\/munskydd-svart-utan-logga\/#breadcrumb","itemListElement":[{"@type":"ListItem","position":1,"name":"Hem","item":"https:\/\/lyconnordic.se\/privat\/"},{"@type":"ListItem","position":2,"name":"Produkter","item":"https:\/\/lyconnordic.se\/privat\/produkter\/"},{"@type":"ListItem","position":3,"name":"Munskydd Svart &#8211; utan logga"}]},{"@type":"WebSite","@id":"https:\/\/lyconnordic.se\/privat\/#website","url":"https:\/\/lyconnordic.se\/privat\/","name":"LYCON Nordic - Sweden","description":"Lycon Nordic - Vax, Milt h\u00e5rborttagningsvax, Brasiliansk Vaxning, Exklusivt h\u00e5rborttagningsvax","potentialAction":[{"@type":"SearchAction","target":{"@type":"EntryPoint","urlTemplate":"https:\/\/lyconnordic.se\/privat\/?s={search_term_string}"},"query-input":{"@type":"PropertyValueSpecification","valueRequired":true,"valueName":"search_term_string"}}],"inLanguage":"sv-SE"}]}},"_links":{"self":[{"href":"https:\/\/lyconnordic.se\/privat\/wp-json\/wp\/v2\/product\/16791","targetHints":{"allow":["GET"]}}],"collection":[{"href":"https:\/\/lyconnordic.se\/privat\/wp-json\/wp\/v2\/product"}],"about":[{"href":"https:\/\/lyconnordic.se\/privat\/wp-json\/wp\/v2\/types\/product"}],"replies":[{"embeddable":true,"href":"https:\/\/lyconnordic.se\/privat\/wp-json\/wp\/v2\/comments?post=16791"}],"version-history":[{"count":4,"href":"https:\/\/lyconnordic.se\/privat\/wp-json\/wp\/v2\/product\/16791\/revisions"}],"predecessor-version":[{"id":21207,"href":"https:\/\/lyconnordic.se\/privat\/wp-json\/wp\/v2\/product\/16791\/revisions\/21207"}],"wp:featuredmedia":[{"embeddable":true,"href":"https:\/\/lyconnordic.se\/privat\/wp-json\/wp\/v2\/media\/16792"}],"wp:attachment":[{"href":"https:\/\/lyconnordic.se\/privat\/wp-json\/wp\/v2\/media?parent=16791"}],"wp:term":[{"taxonomy":"product_brand","embeddable":true,"href":"https:\/\/lyconnordic.se\/privat\/wp-json\/wp\/v2\/product_brand?post=16791"},{"taxonomy":"product_cat","embeddable":true,"href":"https:\/\/lyconnordic.se\/privat\/wp-json\/wp\/v2\/product_cat?post=16791"},{"taxonomy":"product_tag","embeddable":true,"href":"https:\/\/lyconnordic.se\/privat\/wp-json\/wp\/v2\/product_tag?post=16791"}],"curies":[{"name":"wp","href":"https:\/\/api.w.org\/{rel}","templated":true}]}}

<p>&nbsp;</p>
<p>AD-PROTECT P Mask är en innovativ skyddsmask för professionellt bruk som är utvecklad med en antiviral och antimikrobiell teknologi. Kliniska tester visar att masken är 99 % effektiv mot COVID-19 och dödar viruset 30 minuter efter att det kommit i kontakt med masken.</p>
<ul>
<li>Virusdödande egenskaper håller 50 tvättar på 60 grader</li>
<li>Efter 50 tvättar kan masken användas som en vanlig skyddsmask för dagligt bruk</li>
<li>Vattenavvisande impregnering</li>
</ul>
<h4>Certifieringar:</h4>
<p>-Oeko tex 1001<br />
-Sedex<br />
-Iso 9001<br />
-BCI<br />
-GOTS<br />
-Global Recycled Standard<br />
-Organic 100</p>
<p><iframe loading="lazy" title="adtech washable mask" width="500" height="281" src="https://www.youtube.com/embed/AOasZIPf5js?feature=oembed" frameborder="0" allow="accelerometer; autoplay; clipboard-write; encrypted-media; gyroscope; picture-in-picture; web-share" referrerpolicy="strict-origin-when-cross-origin" allowfullscreen></iframe></p>
<p><iframe loading="lazy" title="Scientists in Portugal create reusable mask that disables coronavirus upon contact with fabric" width="500" height="281" src="https://www.youtube.com/embed/FwYheEiq0og?feature=oembed" frameborder="0" allow="accelerometer; autoplay; clipboard-write; encrypted-media; gyroscope; picture-in-picture; web-share" referrerpolicy="strict-origin-when-cross-origin" allowfullscreen></iframe></p>

<p>AD-PROTECT P Mask är en innovativ skyddsmask för professionellt bruk som är utvecklad med en antiviral och antimikrobiell teknologi. Kliniska tester visar att masken är 99 % effektiv mot COVID-19 och dödar viruset 30 minuter efter att det kommit i kontakt med masken.</p>
<ul>
<li>Virusdödande egenskaper håller 50 tvättar på 60 grader</li>
<li>Efter 50 tvättar kan masken användas som en vanlig skyddsmask för dagligt bruk</li>
<li>Vattenavvisande impregnering</li>
</ul>
<h4>Certifieringar:</h4>
<p>-Oeko tex 1001<br />
-Sedex<br />
-Iso 9001<br />
-BCI<br />
-GOTS<br />
-Global Recycled Standard<br />
-Organic 100</p>

<!-- This site is optimized with the Yoast SEO plugin v27.5 - https://yoast.com/product/yoast-seo-wordpress/ -->
<title>Munskydd Svart - utan logga - LYCON Nordic - Sweden - Privat</title>
<meta name="robots" content="index, follow, max-snippet:-1, max-image-preview:large, max-video-preview:-1" />
<link rel="canonical" href="https://lyconnordic.se/privat/produkt/munskydd-svart-utan-logga/" />
<meta property="og:locale" content="sv_SE" />
<meta property="og:type" content="article" />
<meta property="og:title" content="Munskydd Svart - utan logga - LYCON Nordic - Sweden - Privat" />
<meta property="og:description" content="AD-PROTECT P Mask är en innovativ skyddsmask för professionellt bruk som är utvecklad med en antiviral och antimikrobiell teknologi. Kliniska tester visar att masken är 99 % effektiv mot COVID-19 och dödar viruset 30 minuter efter att det kommit i kontakt med masken.   Virusdödande egenskaper håller 50 tvättar på 60 grader  Efter 50 tvättar kan masken användas som en vanlig skyddsmask för dagligt bruk  Vattenavvisande impregnering  Certifieringar: -Oeko tex 1001 -Sedex -Iso 9001 -BCI -GOTS -Global Recycled Standard -Organic 100" />
<meta property="og:url" content="https://lyconnordic.se/privat/produkt/munskydd-svart-utan-logga/" />
<meta property="og:site_name" content="LYCON Nordic - Sweden - Privat" />
<meta property="article:modified_time" content="2026-03-23T06:53:37+00:00" />
<meta property="og:image" content="https://lyconnordic.se/privat/wp-content/uploads/2023/11/Maske-svart-uten-logo-1.jpg" />
	<meta property="og:image:width" content="900" />
	<meta property="og:image:height" content="900" />
	<meta property="og:image:type" content="image/jpeg" />
<meta name="twitter:card" content="summary_large_image" />
<meta name="twitter:label1" content="Beräknad lästid" />
	<meta name="twitter:data1" content="1 minut" />
<script type="application/ld+json" class="yoast-schema-graph">{"@context":"https:\/\/schema.org","@graph":[{"@type":"WebPage","@id":"https:\/\/lyconnordic.se\/privat\/produkt\/munskydd-svart-utan-logga\/","url":"https:\/\/lyconnordic.se\/privat\/produkt\/munskydd-svart-utan-logga\/","name":"Munskydd Svart - utan logga - LYCON Nordic - Sweden - Privat","isPartOf":{"@id":"https:\/\/lyconnordic.se\/privat\/#website"},"primaryImageOfPage":{"@id":"https:\/\/lyconnordic.se\/privat\/produkt\/munskydd-svart-utan-logga\/#primaryimage"},"image":{"@id":"https:\/\/lyconnordic.se\/privat\/produkt\/munskydd-svart-utan-logga\/#primaryimage"},"thumbnailUrl":"https:\/\/lyconnordic.se\/privat\/wp-content\/uploads\/2023\/11\/Maske-svart-uten-logo-1.jpg","datePublished":"2023-11-07T08:56:42+00:00","dateModified":"2026-03-23T06:53:37+00:00","breadcrumb":{"@id":"https:\/\/lyconnordic.se\/privat\/produkt\/munskydd-svart-utan-logga\/#breadcrumb"},"inLanguage":"sv-SE","potentialAction":[{"@type":"ReadAction","target":["https:\/\/lyconnordic.se\/privat\/produkt\/munskydd-svart-utan-logga\/"]}]},{"@type":"ImageObject","inLanguage":"sv-SE","@id":"https:\/\/lyconnordic.se\/privat\/produkt\/munskydd-svart-utan-logga\/#primaryimage","url":"https:\/\/lyconnordic.se\/privat\/wp-content\/uploads\/2023\/11\/Maske-svart-uten-logo-1.jpg","contentUrl":"https:\/\/lyconnordic.se\/privat\/wp-content\/uploads\/2023\/11\/Maske-svart-uten-logo-1.jpg","width":900,"height":900},{"@type":"BreadcrumbList","@id":"https:\/\/lyconnordic.se\/privat\/produkt\/munskydd-svart-utan-logga\/#breadcrumb","itemListElement":[{"@type":"ListItem","position":1,"name":"Hem","item":"https:\/\/lyconnordic.se\/privat\/"},{"@type":"ListItem","position":2,"name":"Produkter","item":"https:\/\/lyconnordic.se\/privat\/produkter\/"},{"@type":"ListItem","position":3,"name":"Munskydd Svart &#8211; utan logga"}]},{"@type":"WebSite","@id":"https:\/\/lyconnordic.se\/privat\/#website","url":"https:\/\/lyconnordic.se\/privat\/","name":"LYCON Nordic - Sweden","description":"Lycon Nordic - Vax, Milt hårborttagningsvax, Brasiliansk Vaxning, Exklusivt hårborttagningsvax","potentialAction":[{"@type":"SearchAction","target":{"@type":"EntryPoint","urlTemplate":"https:\/\/lyconnordic.se\/privat\/?s={search_term_string}"},"query-input":{"@type":"PropertyValueSpecification","valueRequired":true,"valueName":"search_term_string"}}],"inLanguage":"sv-SE"}]}</script>
<!-- / Yoast SEO plugin. -->

AD-PROTECT P Mask är en innovativ skyddsmask för professionellt bruk som är utvecklad med en antiviral och antimikrobiell teknologi. Kliniska tester visar att masken är 99 % effektiv mot COVID-19 och dödar viruset 30 minuter efter att det kommit i kontakt med masken.   Virusdödande egenskaper håller 50 tvättar på 60 grader  Efter 50 tvättar kan masken användas som en vanlig skyddsmask för dagligt bruk  Vattenavvisande impregnering  Certifieringar: -Oeko tex 1001 -Sedex -Iso 9001 -BCI -GOTS -Global Recycled Standard -Organic 100

Lycon Nordic - Vax, Milt hårborttagningsvax, Brasiliansk Vaxning, Exklusivt hårborttagningsvax
