{"id":17039,"date":"2023-11-07T13:23:43","date_gmt":"2023-11-07T13:23:43","guid":{"rendered":"https:\/\/lyconnordic.nyside2.net\/privat\/?post_type=product&#038;p=17039"},"modified":"2025-03-06T10:41:35","modified_gmt":"2025-03-06T09:41:35","slug":"lycopedi-refreshing-soak","status":"publish","type":"product","link":"https:\/\/lyconnordic.se\/privat\/produkt\/lycopedi-refreshing-soak\/","title":{"rendered":"Lyco&#8217;pedi Refreshing Soak"},"content":{"rendered":"<div class=\"ingredients\">med marint kollagen och vitamin E<\/div>\n<p>Ett utrensande fotbad som skonsamt och effektivt reng\u00f6r f\u00f6tterna och l\u00e4mnar dem mjuka och vitaliserade. Inneh\u00e5ller \u00e5terfuktande marint kollagen, mjukg\u00f6rande vitaminer samt eteriska oljor som friskar upp f\u00f6tterna och avl\u00e4gsnar d\u00e5lig doft.<\/p>\n<p><strong>Cruelty-free<\/strong><\/p>\n","protected":false},"excerpt":{"rendered":"<div class=\"ingredients\">med marint kollagen och vitamin E<\/div>\n<p>Ett utrensande fotbad som skonsamt och effektivt reng\u00f6r f\u00f6tterna och l\u00e4mnar dem mjuka och vitaliserade. Inneh\u00e5ller \u00e5terfuktande marint kollagen, mjukg\u00f6rande vitaminer samt eteriska oljor som friskar upp f\u00f6tterna och avl\u00e4gsnar d\u00e5lig doft.<\/p>\n","protected":false},"featured_media":17045,"comment_status":"open","ping_status":"closed","template":"","meta":[],"product_brand":[],"product_cat":[28],"product_tag":[],"class_list":{"0":"post-17039","1":"product","2":"type-product","3":"status-publish","4":"has-post-thumbnail","6":"product_cat-fotvard","8":"first","9":"instock","10":"featured","11":"taxable","12":"shipping-taxable","13":"purchasable","14":"product-type-variable"},"yoast_head":"<!-- This site is optimized with the Yoast SEO plugin v27.5 - https:\/\/yoast.com\/product\/yoast-seo-wordpress\/ -->\n<title>Lyco&#039;pedi Refreshing Soak - LYCON Nordic - Sweden - Privat<\/title>\n<meta name=\"robots\" content=\"index, follow, max-snippet:-1, max-image-preview:large, max-video-preview:-1\" \/>\n<link rel=\"canonical\" href=\"https:\/\/lyconnordic.se\/privat\/produkt\/lycopedi-refreshing-soak\/\" \/>\n<meta property=\"og:locale\" content=\"sv_SE\" \/>\n<meta property=\"og:type\" content=\"article\" \/>\n<meta property=\"og:title\" content=\"Lyco&#039;pedi Refreshing Soak - LYCON Nordic - Sweden - Privat\" \/>\n<meta property=\"og:description\" content=\"med marint kollagen och vitamin E Ett utrensande fotbad som skonsamt och effektivt reng\u00f6r f\u00f6tterna och l\u00e4mnar dem mjuka och vitaliserade. Inneh\u00e5ller \u00e5terfuktande marint kollagen, mjukg\u00f6rande vitaminer samt eteriska oljor som friskar upp f\u00f6tterna och avl\u00e4gsnar d\u00e5lig doft.\" \/>\n<meta property=\"og:url\" content=\"https:\/\/lyconnordic.se\/privat\/produkt\/lycopedi-refreshing-soak\/\" \/>\n<meta property=\"og:site_name\" content=\"LYCON Nordic - Sweden - Privat\" \/>\n<meta property=\"article:modified_time\" content=\"2025-03-06T09:41:35+00:00\" \/>\n<meta property=\"og:image\" content=\"https:\/\/lyconnordic.se\/privat\/wp-content\/uploads\/2023\/11\/refreshing-soak-50ml-900-\u00d7-900-px.png\" \/>\n\t<meta property=\"og:image:width\" content=\"900\" \/>\n\t<meta property=\"og:image:height\" content=\"900\" \/>\n\t<meta property=\"og:image:type\" content=\"image\/png\" \/>\n<meta name=\"twitter:card\" content=\"summary_large_image\" \/>\n<meta name=\"twitter:label1\" content=\"Ber\u00e4knad l\u00e4stid\" \/>\n\t<meta name=\"twitter:data1\" content=\"1 minut\" \/>\n<script type=\"application\/ld+json\" class=\"yoast-schema-graph\">{\"@context\":\"https:\\\/\\\/schema.org\",\"@graph\":[{\"@type\":\"WebPage\",\"@id\":\"https:\\\/\\\/lyconnordic.se\\\/privat\\\/produkt\\\/lycopedi-refreshing-soak\\\/\",\"url\":\"https:\\\/\\\/lyconnordic.se\\\/privat\\\/produkt\\\/lycopedi-refreshing-soak\\\/\",\"name\":\"Lyco'pedi Refreshing Soak - LYCON Nordic - Sweden - Privat\",\"isPartOf\":{\"@id\":\"https:\\\/\\\/lyconnordic.se\\\/privat\\\/#website\"},\"primaryImageOfPage\":{\"@id\":\"https:\\\/\\\/lyconnordic.se\\\/privat\\\/produkt\\\/lycopedi-refreshing-soak\\\/#primaryimage\"},\"image\":{\"@id\":\"https:\\\/\\\/lyconnordic.se\\\/privat\\\/produkt\\\/lycopedi-refreshing-soak\\\/#primaryimage\"},\"thumbnailUrl\":\"https:\\\/\\\/lyconnordic.se\\\/privat\\\/wp-content\\\/uploads\\\/2023\\\/11\\\/refreshing-soak-50ml-900-\u00d7-900-px.png\",\"datePublished\":\"2023-11-07T13:23:43+00:00\",\"dateModified\":\"2025-03-06T09:41:35+00:00\",\"breadcrumb\":{\"@id\":\"https:\\\/\\\/lyconnordic.se\\\/privat\\\/produkt\\\/lycopedi-refreshing-soak\\\/#breadcrumb\"},\"inLanguage\":\"sv-SE\",\"potentialAction\":[{\"@type\":\"ReadAction\",\"target\":[\"https:\\\/\\\/lyconnordic.se\\\/privat\\\/produkt\\\/lycopedi-refreshing-soak\\\/\"]}]},{\"@type\":\"ImageObject\",\"inLanguage\":\"sv-SE\",\"@id\":\"https:\\\/\\\/lyconnordic.se\\\/privat\\\/produkt\\\/lycopedi-refreshing-soak\\\/#primaryimage\",\"url\":\"https:\\\/\\\/lyconnordic.se\\\/privat\\\/wp-content\\\/uploads\\\/2023\\\/11\\\/refreshing-soak-50ml-900-\u00d7-900-px.png\",\"contentUrl\":\"https:\\\/\\\/lyconnordic.se\\\/privat\\\/wp-content\\\/uploads\\\/2023\\\/11\\\/refreshing-soak-50ml-900-\u00d7-900-px.png\",\"width\":900,\"height\":900},{\"@type\":\"BreadcrumbList\",\"@id\":\"https:\\\/\\\/lyconnordic.se\\\/privat\\\/produkt\\\/lycopedi-refreshing-soak\\\/#breadcrumb\",\"itemListElement\":[{\"@type\":\"ListItem\",\"position\":1,\"name\":\"Hem\",\"item\":\"https:\\\/\\\/lyconnordic.se\\\/privat\\\/\"},{\"@type\":\"ListItem\",\"position\":2,\"name\":\"Produkter\",\"item\":\"https:\\\/\\\/lyconnordic.se\\\/privat\\\/produkter\\\/\"},{\"@type\":\"ListItem\",\"position\":3,\"name\":\"Lyco&#8217;pedi Refreshing Soak\"}]},{\"@type\":\"WebSite\",\"@id\":\"https:\\\/\\\/lyconnordic.se\\\/privat\\\/#website\",\"url\":\"https:\\\/\\\/lyconnordic.se\\\/privat\\\/\",\"name\":\"LYCON Nordic - Sweden\",\"description\":\"Lycon Nordic - Vax, Milt h\u00e5rborttagningsvax, Brasiliansk Vaxning, Exklusivt h\u00e5rborttagningsvax\",\"potentialAction\":[{\"@type\":\"SearchAction\",\"target\":{\"@type\":\"EntryPoint\",\"urlTemplate\":\"https:\\\/\\\/lyconnordic.se\\\/privat\\\/?s={search_term_string}\"},\"query-input\":{\"@type\":\"PropertyValueSpecification\",\"valueRequired\":true,\"valueName\":\"search_term_string\"}}],\"inLanguage\":\"sv-SE\"}]}<\/script>\n<!-- \/ Yoast SEO plugin. -->","yoast_head_json":{"title":"Lyco'pedi Refreshing Soak - LYCON Nordic - Sweden - Privat","robots":{"index":"index","follow":"follow","max-snippet":"max-snippet:-1","max-image-preview":"max-image-preview:large","max-video-preview":"max-video-preview:-1"},"canonical":"https:\/\/lyconnordic.se\/privat\/produkt\/lycopedi-refreshing-soak\/","og_locale":"sv_SE","og_type":"article","og_title":"Lyco'pedi Refreshing Soak - LYCON Nordic - Sweden - Privat","og_description":"med marint kollagen och vitamin E Ett utrensande fotbad som skonsamt och effektivt reng\u00f6r f\u00f6tterna och l\u00e4mnar dem mjuka och vitaliserade. Inneh\u00e5ller \u00e5terfuktande marint kollagen, mjukg\u00f6rande vitaminer samt eteriska oljor som friskar upp f\u00f6tterna och avl\u00e4gsnar d\u00e5lig doft.","og_url":"https:\/\/lyconnordic.se\/privat\/produkt\/lycopedi-refreshing-soak\/","og_site_name":"LYCON Nordic - Sweden - Privat","article_modified_time":"2025-03-06T09:41:35+00:00","og_image":[{"width":900,"height":900,"url":"https:\/\/lyconnordic.se\/privat\/wp-content\/uploads\/2023\/11\/refreshing-soak-50ml-900-\u00d7-900-px.png","type":"image\/png"}],"twitter_card":"summary_large_image","twitter_misc":{"Ber\u00e4knad l\u00e4stid":"1 minut"},"schema":{"@context":"https:\/\/schema.org","@graph":[{"@type":"WebPage","@id":"https:\/\/lyconnordic.se\/privat\/produkt\/lycopedi-refreshing-soak\/","url":"https:\/\/lyconnordic.se\/privat\/produkt\/lycopedi-refreshing-soak\/","name":"Lyco'pedi Refreshing Soak - LYCON Nordic - Sweden - Privat","isPartOf":{"@id":"https:\/\/lyconnordic.se\/privat\/#website"},"primaryImageOfPage":{"@id":"https:\/\/lyconnordic.se\/privat\/produkt\/lycopedi-refreshing-soak\/#primaryimage"},"image":{"@id":"https:\/\/lyconnordic.se\/privat\/produkt\/lycopedi-refreshing-soak\/#primaryimage"},"thumbnailUrl":"https:\/\/lyconnordic.se\/privat\/wp-content\/uploads\/2023\/11\/refreshing-soak-50ml-900-\u00d7-900-px.png","datePublished":"2023-11-07T13:23:43+00:00","dateModified":"2025-03-06T09:41:35+00:00","breadcrumb":{"@id":"https:\/\/lyconnordic.se\/privat\/produkt\/lycopedi-refreshing-soak\/#breadcrumb"},"inLanguage":"sv-SE","potentialAction":[{"@type":"ReadAction","target":["https:\/\/lyconnordic.se\/privat\/produkt\/lycopedi-refreshing-soak\/"]}]},{"@type":"ImageObject","inLanguage":"sv-SE","@id":"https:\/\/lyconnordic.se\/privat\/produkt\/lycopedi-refreshing-soak\/#primaryimage","url":"https:\/\/lyconnordic.se\/privat\/wp-content\/uploads\/2023\/11\/refreshing-soak-50ml-900-\u00d7-900-px.png","contentUrl":"https:\/\/lyconnordic.se\/privat\/wp-content\/uploads\/2023\/11\/refreshing-soak-50ml-900-\u00d7-900-px.png","width":900,"height":900},{"@type":"BreadcrumbList","@id":"https:\/\/lyconnordic.se\/privat\/produkt\/lycopedi-refreshing-soak\/#breadcrumb","itemListElement":[{"@type":"ListItem","position":1,"name":"Hem","item":"https:\/\/lyconnordic.se\/privat\/"},{"@type":"ListItem","position":2,"name":"Produkter","item":"https:\/\/lyconnordic.se\/privat\/produkter\/"},{"@type":"ListItem","position":3,"name":"Lyco&#8217;pedi Refreshing Soak"}]},{"@type":"WebSite","@id":"https:\/\/lyconnordic.se\/privat\/#website","url":"https:\/\/lyconnordic.se\/privat\/","name":"LYCON Nordic - Sweden","description":"Lycon Nordic - Vax, Milt h\u00e5rborttagningsvax, Brasiliansk Vaxning, Exklusivt h\u00e5rborttagningsvax","potentialAction":[{"@type":"SearchAction","target":{"@type":"EntryPoint","urlTemplate":"https:\/\/lyconnordic.se\/privat\/?s={search_term_string}"},"query-input":{"@type":"PropertyValueSpecification","valueRequired":true,"valueName":"search_term_string"}}],"inLanguage":"sv-SE"}]}},"_links":{"self":[{"href":"https:\/\/lyconnordic.se\/privat\/wp-json\/wp\/v2\/product\/17039","targetHints":{"allow":["GET"]}}],"collection":[{"href":"https:\/\/lyconnordic.se\/privat\/wp-json\/wp\/v2\/product"}],"about":[{"href":"https:\/\/lyconnordic.se\/privat\/wp-json\/wp\/v2\/types\/product"}],"replies":[{"embeddable":true,"href":"https:\/\/lyconnordic.se\/privat\/wp-json\/wp\/v2\/comments?post=17039"}],"version-history":[{"count":4,"href":"https:\/\/lyconnordic.se\/privat\/wp-json\/wp\/v2\/product\/17039\/revisions"}],"predecessor-version":[{"id":21045,"href":"https:\/\/lyconnordic.se\/privat\/wp-json\/wp\/v2\/product\/17039\/revisions\/21045"}],"wp:featuredmedia":[{"embeddable":true,"href":"https:\/\/lyconnordic.se\/privat\/wp-json\/wp\/v2\/media\/17045"}],"wp:attachment":[{"href":"https:\/\/lyconnordic.se\/privat\/wp-json\/wp\/v2\/media?parent=17039"}],"wp:term":[{"taxonomy":"product_brand","embeddable":true,"href":"https:\/\/lyconnordic.se\/privat\/wp-json\/wp\/v2\/product_brand?post=17039"},{"taxonomy":"product_cat","embeddable":true,"href":"https:\/\/lyconnordic.se\/privat\/wp-json\/wp\/v2\/product_cat?post=17039"},{"taxonomy":"product_tag","embeddable":true,"href":"https:\/\/lyconnordic.se\/privat\/wp-json\/wp\/v2\/product_tag?post=17039"}],"curies":[{"name":"wp","href":"https:\/\/api.w.org\/{rel}","templated":true}]}}