{"id":17250,"date":"2023-11-08T08:52:22","date_gmt":"2023-11-08T08:52:22","guid":{"rendered":"https:\/\/lyconnordic.nyside2.net\/privat\/?post_type=product&#038;p=17250"},"modified":"2025-11-25T14:20:03","modified_gmt":"2025-11-25T13:20:03","slug":"ingrown-x-it-solution","status":"publish","type":"product","link":"https:\/\/lyconnordic.se\/privat\/produkt\/ingrown-x-it-solution\/","title":{"rendered":"Ingrown-X-It Solution"},"content":{"rendered":"<div class=\"ingredients\">Med salicylsyra, mj\u00f6lksyra, allantoin och arnica<\/div>\n<p>En genomtr\u00e4ngande spray f\u00f6r kropp och ansikte. Exfolierar effektivt och skonsamt huden. Motverkar och behandlar uppkomsten av irritationer och ingrodda h\u00e5r. Ingrown x-it solution lugnar \u00e4ven huden och hj\u00e4lper till med hudens l\u00e4kningsprocess.<\/p>\n<p>Passar utm\u00e4rkt efter alla typer av h\u00e5rborttagning samt vid acne och tillt\u00e4ppt hud.<\/p>\n<p><strong>Vegansk | Cruelty-free | Glutenfri<\/strong><\/p>\n<p><strong>STORLEKAR:<\/strong><\/p>\n<div id=\"sizes\">\n<ul>\n<li>15 ml<\/li>\n<li>50 ml<\/li>\n<li>125 ml<\/li>\n<\/ul>\n<\/div>\n","protected":false},"excerpt":{"rendered":"<div class=\"ingredients\">med salicylsyra, mj\u00f6lksyra, allantoin och arnica<\/div>\n<p>En genomtr\u00e4ngande spray f\u00f6r kropp och ansikte. Exfolierar effektivt och skonsamt huden. Motverkar och behandlar uppkomsten av irritationer och ingrodda h\u00e5r. Ingrown x-it solution lugnar \u00e4ven huden och hj\u00e4lper till med hudens l\u00e4kningsprocess.<\/p>\n<p>Passar utm\u00e4rkt efter alla typer av h\u00e5rborttagning samt vid acne och tillt\u00e4ppt hud.<\/p>\n","protected":false},"featured_media":17991,"comment_status":"open","ping_status":"closed","template":"","meta":[],"product_brand":[],"product_cat":[91],"product_tag":[],"class_list":{"0":"post-17250","1":"product","2":"type-product","3":"status-publish","4":"has-post-thumbnail","6":"product_cat-ingrown-x-it","8":"first","9":"instock","10":"taxable","11":"shipping-taxable","12":"purchasable","13":"product-type-variable"},"yoast_head":"<!-- This site is optimized with the Yoast SEO plugin v27.5 - https:\/\/yoast.com\/product\/yoast-seo-wordpress\/ -->\n<title>Ingrown-X-It Solution - LYCON Nordic - Sweden - Privat<\/title>\n<meta name=\"robots\" content=\"index, follow, max-snippet:-1, max-image-preview:large, max-video-preview:-1\" \/>\n<link rel=\"canonical\" href=\"https:\/\/lyconnordic.se\/privat\/produkt\/ingrown-x-it-solution\/\" \/>\n<meta property=\"og:locale\" content=\"sv_SE\" \/>\n<meta property=\"og:type\" content=\"article\" \/>\n<meta property=\"og:title\" content=\"Ingrown-X-It Solution - LYCON Nordic - Sweden - Privat\" \/>\n<meta property=\"og:description\" content=\"med salicylsyra, mj\u00f6lksyra, allantoin och arnica En genomtr\u00e4ngande spray f\u00f6r kropp och ansikte. Exfolierar effektivt och skonsamt huden. Motverkar och behandlar uppkomsten av irritationer och ingrodda h\u00e5r. Ingrown x-it solution lugnar \u00e4ven huden och hj\u00e4lper till med hudens l\u00e4kningsprocess.  Passar utm\u00e4rkt efter alla typer av h\u00e5rborttagning samt vid acne och tillt\u00e4ppt hud.\" \/>\n<meta property=\"og:url\" content=\"https:\/\/lyconnordic.se\/privat\/produkt\/ingrown-x-it-solution\/\" \/>\n<meta property=\"og:site_name\" content=\"LYCON Nordic - Sweden - Privat\" \/>\n<meta property=\"article:modified_time\" content=\"2025-11-25T13:20:03+00:00\" \/>\n<meta property=\"og:image\" content=\"https:\/\/lyconnordic.se\/privat\/wp-content\/uploads\/2023\/11\/ingrown-X-it_Solution_Spa_Essentials_125ml_Award_WEB.jpg\" \/>\n\t<meta property=\"og:image:width\" content=\"900\" \/>\n\t<meta property=\"og:image:height\" content=\"900\" \/>\n\t<meta property=\"og:image:type\" content=\"image\/jpeg\" \/>\n<meta name=\"twitter:card\" content=\"summary_large_image\" \/>\n<meta name=\"twitter:label1\" content=\"Ber\u00e4knad l\u00e4stid\" \/>\n\t<meta name=\"twitter:data1\" content=\"1 minut\" \/>\n<script type=\"application\/ld+json\" class=\"yoast-schema-graph\">{\"@context\":\"https:\\\/\\\/schema.org\",\"@graph\":[{\"@type\":\"WebPage\",\"@id\":\"https:\\\/\\\/lyconnordic.se\\\/privat\\\/produkt\\\/ingrown-x-it-solution\\\/\",\"url\":\"https:\\\/\\\/lyconnordic.se\\\/privat\\\/produkt\\\/ingrown-x-it-solution\\\/\",\"name\":\"Ingrown-X-It Solution - LYCON Nordic - Sweden - Privat\",\"isPartOf\":{\"@id\":\"https:\\\/\\\/lyconnordic.se\\\/privat\\\/#website\"},\"primaryImageOfPage\":{\"@id\":\"https:\\\/\\\/lyconnordic.se\\\/privat\\\/produkt\\\/ingrown-x-it-solution\\\/#primaryimage\"},\"image\":{\"@id\":\"https:\\\/\\\/lyconnordic.se\\\/privat\\\/produkt\\\/ingrown-x-it-solution\\\/#primaryimage\"},\"thumbnailUrl\":\"https:\\\/\\\/lyconnordic.se\\\/privat\\\/wp-content\\\/uploads\\\/2023\\\/11\\\/ingrown-X-it_Solution_Spa_Essentials_125ml_Award_WEB.jpg\",\"datePublished\":\"2023-11-08T08:52:22+00:00\",\"dateModified\":\"2025-11-25T13:20:03+00:00\",\"breadcrumb\":{\"@id\":\"https:\\\/\\\/lyconnordic.se\\\/privat\\\/produkt\\\/ingrown-x-it-solution\\\/#breadcrumb\"},\"inLanguage\":\"sv-SE\",\"potentialAction\":[{\"@type\":\"ReadAction\",\"target\":[\"https:\\\/\\\/lyconnordic.se\\\/privat\\\/produkt\\\/ingrown-x-it-solution\\\/\"]}]},{\"@type\":\"ImageObject\",\"inLanguage\":\"sv-SE\",\"@id\":\"https:\\\/\\\/lyconnordic.se\\\/privat\\\/produkt\\\/ingrown-x-it-solution\\\/#primaryimage\",\"url\":\"https:\\\/\\\/lyconnordic.se\\\/privat\\\/wp-content\\\/uploads\\\/2023\\\/11\\\/ingrown-X-it_Solution_Spa_Essentials_125ml_Award_WEB.jpg\",\"contentUrl\":\"https:\\\/\\\/lyconnordic.se\\\/privat\\\/wp-content\\\/uploads\\\/2023\\\/11\\\/ingrown-X-it_Solution_Spa_Essentials_125ml_Award_WEB.jpg\",\"width\":900,\"height\":900},{\"@type\":\"BreadcrumbList\",\"@id\":\"https:\\\/\\\/lyconnordic.se\\\/privat\\\/produkt\\\/ingrown-x-it-solution\\\/#breadcrumb\",\"itemListElement\":[{\"@type\":\"ListItem\",\"position\":1,\"name\":\"Hem\",\"item\":\"https:\\\/\\\/lyconnordic.se\\\/privat\\\/\"},{\"@type\":\"ListItem\",\"position\":2,\"name\":\"Produkter\",\"item\":\"https:\\\/\\\/lyconnordic.se\\\/privat\\\/produkter\\\/\"},{\"@type\":\"ListItem\",\"position\":3,\"name\":\"Ingrown-X-It Solution\"}]},{\"@type\":\"WebSite\",\"@id\":\"https:\\\/\\\/lyconnordic.se\\\/privat\\\/#website\",\"url\":\"https:\\\/\\\/lyconnordic.se\\\/privat\\\/\",\"name\":\"LYCON Nordic - Sweden\",\"description\":\"Lycon Nordic - Vax, Milt h\u00e5rborttagningsvax, Brasiliansk Vaxning, Exklusivt h\u00e5rborttagningsvax\",\"potentialAction\":[{\"@type\":\"SearchAction\",\"target\":{\"@type\":\"EntryPoint\",\"urlTemplate\":\"https:\\\/\\\/lyconnordic.se\\\/privat\\\/?s={search_term_string}\"},\"query-input\":{\"@type\":\"PropertyValueSpecification\",\"valueRequired\":true,\"valueName\":\"search_term_string\"}}],\"inLanguage\":\"sv-SE\"}]}<\/script>\n<!-- \/ Yoast SEO plugin. -->","yoast_head_json":{"title":"Ingrown-X-It Solution - LYCON Nordic - Sweden - Privat","robots":{"index":"index","follow":"follow","max-snippet":"max-snippet:-1","max-image-preview":"max-image-preview:large","max-video-preview":"max-video-preview:-1"},"canonical":"https:\/\/lyconnordic.se\/privat\/produkt\/ingrown-x-it-solution\/","og_locale":"sv_SE","og_type":"article","og_title":"Ingrown-X-It Solution - LYCON Nordic - Sweden - Privat","og_description":"med salicylsyra, mj\u00f6lksyra, allantoin och arnica En genomtr\u00e4ngande spray f\u00f6r kropp och ansikte. Exfolierar effektivt och skonsamt huden. Motverkar och behandlar uppkomsten av irritationer och ingrodda h\u00e5r. Ingrown x-it solution lugnar \u00e4ven huden och hj\u00e4lper till med hudens l\u00e4kningsprocess.  Passar utm\u00e4rkt efter alla typer av h\u00e5rborttagning samt vid acne och tillt\u00e4ppt hud.","og_url":"https:\/\/lyconnordic.se\/privat\/produkt\/ingrown-x-it-solution\/","og_site_name":"LYCON Nordic - Sweden - Privat","article_modified_time":"2025-11-25T13:20:03+00:00","og_image":[{"width":900,"height":900,"url":"https:\/\/lyconnordic.se\/privat\/wp-content\/uploads\/2023\/11\/ingrown-X-it_Solution_Spa_Essentials_125ml_Award_WEB.jpg","type":"image\/jpeg"}],"twitter_card":"summary_large_image","twitter_misc":{"Ber\u00e4knad l\u00e4stid":"1 minut"},"schema":{"@context":"https:\/\/schema.org","@graph":[{"@type":"WebPage","@id":"https:\/\/lyconnordic.se\/privat\/produkt\/ingrown-x-it-solution\/","url":"https:\/\/lyconnordic.se\/privat\/produkt\/ingrown-x-it-solution\/","name":"Ingrown-X-It Solution - LYCON Nordic - Sweden - Privat","isPartOf":{"@id":"https:\/\/lyconnordic.se\/privat\/#website"},"primaryImageOfPage":{"@id":"https:\/\/lyconnordic.se\/privat\/produkt\/ingrown-x-it-solution\/#primaryimage"},"image":{"@id":"https:\/\/lyconnordic.se\/privat\/produkt\/ingrown-x-it-solution\/#primaryimage"},"thumbnailUrl":"https:\/\/lyconnordic.se\/privat\/wp-content\/uploads\/2023\/11\/ingrown-X-it_Solution_Spa_Essentials_125ml_Award_WEB.jpg","datePublished":"2023-11-08T08:52:22+00:00","dateModified":"2025-11-25T13:20:03+00:00","breadcrumb":{"@id":"https:\/\/lyconnordic.se\/privat\/produkt\/ingrown-x-it-solution\/#breadcrumb"},"inLanguage":"sv-SE","potentialAction":[{"@type":"ReadAction","target":["https:\/\/lyconnordic.se\/privat\/produkt\/ingrown-x-it-solution\/"]}]},{"@type":"ImageObject","inLanguage":"sv-SE","@id":"https:\/\/lyconnordic.se\/privat\/produkt\/ingrown-x-it-solution\/#primaryimage","url":"https:\/\/lyconnordic.se\/privat\/wp-content\/uploads\/2023\/11\/ingrown-X-it_Solution_Spa_Essentials_125ml_Award_WEB.jpg","contentUrl":"https:\/\/lyconnordic.se\/privat\/wp-content\/uploads\/2023\/11\/ingrown-X-it_Solution_Spa_Essentials_125ml_Award_WEB.jpg","width":900,"height":900},{"@type":"BreadcrumbList","@id":"https:\/\/lyconnordic.se\/privat\/produkt\/ingrown-x-it-solution\/#breadcrumb","itemListElement":[{"@type":"ListItem","position":1,"name":"Hem","item":"https:\/\/lyconnordic.se\/privat\/"},{"@type":"ListItem","position":2,"name":"Produkter","item":"https:\/\/lyconnordic.se\/privat\/produkter\/"},{"@type":"ListItem","position":3,"name":"Ingrown-X-It Solution"}]},{"@type":"WebSite","@id":"https:\/\/lyconnordic.se\/privat\/#website","url":"https:\/\/lyconnordic.se\/privat\/","name":"LYCON Nordic - Sweden","description":"Lycon Nordic - Vax, Milt h\u00e5rborttagningsvax, Brasiliansk Vaxning, Exklusivt h\u00e5rborttagningsvax","potentialAction":[{"@type":"SearchAction","target":{"@type":"EntryPoint","urlTemplate":"https:\/\/lyconnordic.se\/privat\/?s={search_term_string}"},"query-input":{"@type":"PropertyValueSpecification","valueRequired":true,"valueName":"search_term_string"}}],"inLanguage":"sv-SE"}]}},"_links":{"self":[{"href":"https:\/\/lyconnordic.se\/privat\/wp-json\/wp\/v2\/product\/17250","targetHints":{"allow":["GET"]}}],"collection":[{"href":"https:\/\/lyconnordic.se\/privat\/wp-json\/wp\/v2\/product"}],"about":[{"href":"https:\/\/lyconnordic.se\/privat\/wp-json\/wp\/v2\/types\/product"}],"replies":[{"embeddable":true,"href":"https:\/\/lyconnordic.se\/privat\/wp-json\/wp\/v2\/comments?post=17250"}],"version-history":[{"count":4,"href":"https:\/\/lyconnordic.se\/privat\/wp-json\/wp\/v2\/product\/17250\/revisions"}],"predecessor-version":[{"id":21066,"href":"https:\/\/lyconnordic.se\/privat\/wp-json\/wp\/v2\/product\/17250\/revisions\/21066"}],"wp:featuredmedia":[{"embeddable":true,"href":"https:\/\/lyconnordic.se\/privat\/wp-json\/wp\/v2\/media\/17991"}],"wp:attachment":[{"href":"https:\/\/lyconnordic.se\/privat\/wp-json\/wp\/v2\/media?parent=17250"}],"wp:term":[{"taxonomy":"product_brand","embeddable":true,"href":"https:\/\/lyconnordic.se\/privat\/wp-json\/wp\/v2\/product_brand?post=17250"},{"taxonomy":"product_cat","embeddable":true,"href":"https:\/\/lyconnordic.se\/privat\/wp-json\/wp\/v2\/product_cat?post=17250"},{"taxonomy":"product_tag","embeddable":true,"href":"https:\/\/lyconnordic.se\/privat\/wp-json\/wp\/v2\/product_tag?post=17250"}],"curies":[{"name":"wp","href":"https:\/\/api.w.org\/{rel}","templated":true}]}}