{"id":17263,"date":"2023-11-08T08:56:47","date_gmt":"2023-11-08T08:56:47","guid":{"rendered":"https:\/\/lyconnordic.nyside2.net\/privat\/?post_type=product&#038;p=17263"},"modified":"2025-11-06T13:00:40","modified_gmt":"2025-11-06T12:00:40","slug":"x-it-mitt-skrubbhandske","status":"publish","type":"product","link":"https:\/\/lyconnordic.se\/privat\/produkt\/x-it-mitt-skrubbhandske\/","title":{"rendered":"X-IT MITT"},"content":{"rendered":"<h1>X-IT MITT<\/h1>\n<p>LYCONs X-IT MITT \u00e4r en unik, egendesignad och slitstark skrubbvante.<\/p>\n<p>Den hj\u00e4lper till att f\u00f6rebygga ingrodda h\u00e5r, tar effektivt bort d\u00f6da hudceller utan att irritera huden, masserar och stimulerar cirkulationen samt cellf\u00f6rnyelsen.<\/p>\n<p><strong>Tips:<\/strong> Perfekt f\u00f6r anv\u00e4ndare av Spray Tan d\u00e5 den effektivt tar bort eventuella rester inf\u00f6r kommande behandling.<\/p>\n<p><strong>STORLEKAR: <\/strong>1st<\/p>\n","protected":false},"excerpt":{"rendered":"<p>LYCONs X-IT MITT \u00e4r en unik, egendesignad och slitstark skrubbvante.<\/p>\n<p>Den hj\u00e4lper till att f\u00f6rebygga ingrodda h\u00e5r, tar effektivt bort d\u00f6da hudceller utan att irritera huden, masserar och stimulerar cirkulationen samt cellf\u00f6rnyelsen.<\/p>\n<p><strong>Tips:<\/strong>\u00a0Perfekt f\u00f6r anv\u00e4ndare av Spray Tan d\u00e5 den effektivt tar bort eventuella rester inf\u00f6r kommande behandling.<\/p>\n","protected":false},"featured_media":17990,"comment_status":"open","ping_status":"closed","template":"","meta":[],"product_brand":[],"product_cat":[91],"product_tag":[],"class_list":{"0":"post-17263","1":"product","2":"type-product","3":"status-publish","4":"has-post-thumbnail","6":"product_cat-ingrown-x-it","8":"first","9":"instock","10":"taxable","11":"shipping-taxable","12":"purchasable","13":"product-type-simple"},"yoast_head":"<!-- This site is optimized with the Yoast SEO plugin v27.5 - https:\/\/yoast.com\/product\/yoast-seo-wordpress\/ -->\n<title>X-IT MITT - LYCON Nordic - Sweden - Privat<\/title>\n<meta name=\"robots\" content=\"index, follow, max-snippet:-1, max-image-preview:large, max-video-preview:-1\" \/>\n<link rel=\"canonical\" href=\"https:\/\/lyconnordic.se\/privat\/produkt\/x-it-mitt-skrubbhandske\/\" \/>\n<meta property=\"og:locale\" content=\"sv_SE\" \/>\n<meta property=\"og:type\" content=\"article\" \/>\n<meta property=\"og:title\" content=\"X-IT MITT - LYCON Nordic - Sweden - Privat\" \/>\n<meta property=\"og:description\" content=\"LYCONs X-IT MITT \u00e4r en unik, egendesignad och slitstark skrubbvante.  Den hj\u00e4lper till att f\u00f6rebygga ingrodda h\u00e5r, tar effektivt bort d\u00f6da hudceller utan att irritera huden, masserar och stimulerar cirkulationen samt cellf\u00f6rnyelsen.  Tips:\u00a0Perfekt f\u00f6r anv\u00e4ndare av Spray Tan d\u00e5 den effektivt tar bort eventuella rester inf\u00f6r kommande behandling.\" \/>\n<meta property=\"og:url\" content=\"https:\/\/lyconnordic.se\/privat\/produkt\/x-it-mitt-skrubbhandske\/\" \/>\n<meta property=\"og:site_name\" content=\"LYCON Nordic - Sweden - Privat\" \/>\n<meta property=\"article:modified_time\" content=\"2025-11-06T12:00:40+00:00\" \/>\n<meta property=\"og:image\" content=\"https:\/\/lyconnordic.se\/privat\/wp-content\/uploads\/2023\/11\/X-it_Mitt_Spa-Essentials_Award_WEB.jpg\" \/>\n\t<meta property=\"og:image:width\" content=\"900\" \/>\n\t<meta property=\"og:image:height\" content=\"900\" \/>\n\t<meta property=\"og:image:type\" content=\"image\/jpeg\" \/>\n<meta name=\"twitter:card\" content=\"summary_large_image\" \/>\n<meta name=\"twitter:label1\" content=\"Ber\u00e4knad l\u00e4stid\" \/>\n\t<meta name=\"twitter:data1\" content=\"1 minut\" \/>\n<script type=\"application\/ld+json\" class=\"yoast-schema-graph\">{\"@context\":\"https:\\\/\\\/schema.org\",\"@graph\":[{\"@type\":\"WebPage\",\"@id\":\"https:\\\/\\\/lyconnordic.se\\\/privat\\\/produkt\\\/x-it-mitt-skrubbhandske\\\/\",\"url\":\"https:\\\/\\\/lyconnordic.se\\\/privat\\\/produkt\\\/x-it-mitt-skrubbhandske\\\/\",\"name\":\"X-IT MITT - LYCON Nordic - Sweden - Privat\",\"isPartOf\":{\"@id\":\"https:\\\/\\\/lyconnordic.se\\\/privat\\\/#website\"},\"primaryImageOfPage\":{\"@id\":\"https:\\\/\\\/lyconnordic.se\\\/privat\\\/produkt\\\/x-it-mitt-skrubbhandske\\\/#primaryimage\"},\"image\":{\"@id\":\"https:\\\/\\\/lyconnordic.se\\\/privat\\\/produkt\\\/x-it-mitt-skrubbhandske\\\/#primaryimage\"},\"thumbnailUrl\":\"https:\\\/\\\/lyconnordic.se\\\/privat\\\/wp-content\\\/uploads\\\/2023\\\/11\\\/X-it_Mitt_Spa-Essentials_Award_WEB.jpg\",\"datePublished\":\"2023-11-08T08:56:47+00:00\",\"dateModified\":\"2025-11-06T12:00:40+00:00\",\"breadcrumb\":{\"@id\":\"https:\\\/\\\/lyconnordic.se\\\/privat\\\/produkt\\\/x-it-mitt-skrubbhandske\\\/#breadcrumb\"},\"inLanguage\":\"sv-SE\",\"potentialAction\":[{\"@type\":\"ReadAction\",\"target\":[\"https:\\\/\\\/lyconnordic.se\\\/privat\\\/produkt\\\/x-it-mitt-skrubbhandske\\\/\"]}]},{\"@type\":\"ImageObject\",\"inLanguage\":\"sv-SE\",\"@id\":\"https:\\\/\\\/lyconnordic.se\\\/privat\\\/produkt\\\/x-it-mitt-skrubbhandske\\\/#primaryimage\",\"url\":\"https:\\\/\\\/lyconnordic.se\\\/privat\\\/wp-content\\\/uploads\\\/2023\\\/11\\\/X-it_Mitt_Spa-Essentials_Award_WEB.jpg\",\"contentUrl\":\"https:\\\/\\\/lyconnordic.se\\\/privat\\\/wp-content\\\/uploads\\\/2023\\\/11\\\/X-it_Mitt_Spa-Essentials_Award_WEB.jpg\",\"width\":900,\"height\":900},{\"@type\":\"BreadcrumbList\",\"@id\":\"https:\\\/\\\/lyconnordic.se\\\/privat\\\/produkt\\\/x-it-mitt-skrubbhandske\\\/#breadcrumb\",\"itemListElement\":[{\"@type\":\"ListItem\",\"position\":1,\"name\":\"Hem\",\"item\":\"https:\\\/\\\/lyconnordic.se\\\/privat\\\/\"},{\"@type\":\"ListItem\",\"position\":2,\"name\":\"Produkter\",\"item\":\"https:\\\/\\\/lyconnordic.se\\\/privat\\\/produkter\\\/\"},{\"@type\":\"ListItem\",\"position\":3,\"name\":\"X-IT MITT\"}]},{\"@type\":\"WebSite\",\"@id\":\"https:\\\/\\\/lyconnordic.se\\\/privat\\\/#website\",\"url\":\"https:\\\/\\\/lyconnordic.se\\\/privat\\\/\",\"name\":\"LYCON Nordic - Sweden\",\"description\":\"Lycon Nordic - Vax, Milt h\u00e5rborttagningsvax, Brasiliansk Vaxning, Exklusivt h\u00e5rborttagningsvax\",\"potentialAction\":[{\"@type\":\"SearchAction\",\"target\":{\"@type\":\"EntryPoint\",\"urlTemplate\":\"https:\\\/\\\/lyconnordic.se\\\/privat\\\/?s={search_term_string}\"},\"query-input\":{\"@type\":\"PropertyValueSpecification\",\"valueRequired\":true,\"valueName\":\"search_term_string\"}}],\"inLanguage\":\"sv-SE\"}]}<\/script>\n<!-- \/ Yoast SEO plugin. -->","yoast_head_json":{"title":"X-IT MITT - LYCON Nordic - Sweden - Privat","robots":{"index":"index","follow":"follow","max-snippet":"max-snippet:-1","max-image-preview":"max-image-preview:large","max-video-preview":"max-video-preview:-1"},"canonical":"https:\/\/lyconnordic.se\/privat\/produkt\/x-it-mitt-skrubbhandske\/","og_locale":"sv_SE","og_type":"article","og_title":"X-IT MITT - LYCON Nordic - Sweden - Privat","og_description":"LYCONs X-IT MITT \u00e4r en unik, egendesignad och slitstark skrubbvante.  Den hj\u00e4lper till att f\u00f6rebygga ingrodda h\u00e5r, tar effektivt bort d\u00f6da hudceller utan att irritera huden, masserar och stimulerar cirkulationen samt cellf\u00f6rnyelsen.  Tips:\u00a0Perfekt f\u00f6r anv\u00e4ndare av Spray Tan d\u00e5 den effektivt tar bort eventuella rester inf\u00f6r kommande behandling.","og_url":"https:\/\/lyconnordic.se\/privat\/produkt\/x-it-mitt-skrubbhandske\/","og_site_name":"LYCON Nordic - Sweden - Privat","article_modified_time":"2025-11-06T12:00:40+00:00","og_image":[{"width":900,"height":900,"url":"https:\/\/lyconnordic.se\/privat\/wp-content\/uploads\/2023\/11\/X-it_Mitt_Spa-Essentials_Award_WEB.jpg","type":"image\/jpeg"}],"twitter_card":"summary_large_image","twitter_misc":{"Ber\u00e4knad l\u00e4stid":"1 minut"},"schema":{"@context":"https:\/\/schema.org","@graph":[{"@type":"WebPage","@id":"https:\/\/lyconnordic.se\/privat\/produkt\/x-it-mitt-skrubbhandske\/","url":"https:\/\/lyconnordic.se\/privat\/produkt\/x-it-mitt-skrubbhandske\/","name":"X-IT MITT - LYCON Nordic - Sweden - Privat","isPartOf":{"@id":"https:\/\/lyconnordic.se\/privat\/#website"},"primaryImageOfPage":{"@id":"https:\/\/lyconnordic.se\/privat\/produkt\/x-it-mitt-skrubbhandske\/#primaryimage"},"image":{"@id":"https:\/\/lyconnordic.se\/privat\/produkt\/x-it-mitt-skrubbhandske\/#primaryimage"},"thumbnailUrl":"https:\/\/lyconnordic.se\/privat\/wp-content\/uploads\/2023\/11\/X-it_Mitt_Spa-Essentials_Award_WEB.jpg","datePublished":"2023-11-08T08:56:47+00:00","dateModified":"2025-11-06T12:00:40+00:00","breadcrumb":{"@id":"https:\/\/lyconnordic.se\/privat\/produkt\/x-it-mitt-skrubbhandske\/#breadcrumb"},"inLanguage":"sv-SE","potentialAction":[{"@type":"ReadAction","target":["https:\/\/lyconnordic.se\/privat\/produkt\/x-it-mitt-skrubbhandske\/"]}]},{"@type":"ImageObject","inLanguage":"sv-SE","@id":"https:\/\/lyconnordic.se\/privat\/produkt\/x-it-mitt-skrubbhandske\/#primaryimage","url":"https:\/\/lyconnordic.se\/privat\/wp-content\/uploads\/2023\/11\/X-it_Mitt_Spa-Essentials_Award_WEB.jpg","contentUrl":"https:\/\/lyconnordic.se\/privat\/wp-content\/uploads\/2023\/11\/X-it_Mitt_Spa-Essentials_Award_WEB.jpg","width":900,"height":900},{"@type":"BreadcrumbList","@id":"https:\/\/lyconnordic.se\/privat\/produkt\/x-it-mitt-skrubbhandske\/#breadcrumb","itemListElement":[{"@type":"ListItem","position":1,"name":"Hem","item":"https:\/\/lyconnordic.se\/privat\/"},{"@type":"ListItem","position":2,"name":"Produkter","item":"https:\/\/lyconnordic.se\/privat\/produkter\/"},{"@type":"ListItem","position":3,"name":"X-IT MITT"}]},{"@type":"WebSite","@id":"https:\/\/lyconnordic.se\/privat\/#website","url":"https:\/\/lyconnordic.se\/privat\/","name":"LYCON Nordic - Sweden","description":"Lycon Nordic - Vax, Milt h\u00e5rborttagningsvax, Brasiliansk Vaxning, Exklusivt h\u00e5rborttagningsvax","potentialAction":[{"@type":"SearchAction","target":{"@type":"EntryPoint","urlTemplate":"https:\/\/lyconnordic.se\/privat\/?s={search_term_string}"},"query-input":{"@type":"PropertyValueSpecification","valueRequired":true,"valueName":"search_term_string"}}],"inLanguage":"sv-SE"}]}},"_links":{"self":[{"href":"https:\/\/lyconnordic.se\/privat\/wp-json\/wp\/v2\/product\/17263","targetHints":{"allow":["GET"]}}],"collection":[{"href":"https:\/\/lyconnordic.se\/privat\/wp-json\/wp\/v2\/product"}],"about":[{"href":"https:\/\/lyconnordic.se\/privat\/wp-json\/wp\/v2\/types\/product"}],"replies":[{"embeddable":true,"href":"https:\/\/lyconnordic.se\/privat\/wp-json\/wp\/v2\/comments?post=17263"}],"version-history":[{"count":6,"href":"https:\/\/lyconnordic.se\/privat\/wp-json\/wp\/v2\/product\/17263\/revisions"}],"predecessor-version":[{"id":21292,"href":"https:\/\/lyconnordic.se\/privat\/wp-json\/wp\/v2\/product\/17263\/revisions\/21292"}],"wp:featuredmedia":[{"embeddable":true,"href":"https:\/\/lyconnordic.se\/privat\/wp-json\/wp\/v2\/media\/17990"}],"wp:attachment":[{"href":"https:\/\/lyconnordic.se\/privat\/wp-json\/wp\/v2\/media?parent=17263"}],"wp:term":[{"taxonomy":"product_brand","embeddable":true,"href":"https:\/\/lyconnordic.se\/privat\/wp-json\/wp\/v2\/product_brand?post=17263"},{"taxonomy":"product_cat","embeddable":true,"href":"https:\/\/lyconnordic.se\/privat\/wp-json\/wp\/v2\/product_cat?post=17263"},{"taxonomy":"product_tag","embeddable":true,"href":"https:\/\/lyconnordic.se\/privat\/wp-json\/wp\/v2\/product_tag?post=17263"}],"curies":[{"name":"wp","href":"https:\/\/api.w.org\/{rel}","templated":true}]}}