{"id":23471,"date":"2026-02-11T11:57:59","date_gmt":"2026-02-11T10:57:59","guid":{"rendered":"https:\/\/lyconnordic.se\/privat\/?post_type=product&#038;p=23471"},"modified":"2026-03-13T15:30:14","modified_gmt":"2026-03-13T14:30:14","slug":"hydralift-collagen-mask","status":"publish","type":"product","link":"https:\/\/lyconnordic.se\/privat\/produkt\/hydralift-collagen-mask\/","title":{"rendered":"Hydralift Collagen Mask"},"content":{"rendered":"<h2 data-start=\"178\" data-end=\"215\">F\u00f6r vem och hur man anv\u00e4nder den<\/h2>\n<p data-start=\"217\" data-end=\"507\">En intensiv intimbehandling framtagen f\u00f6r dig som effektivt och m\u00e5linriktat vill motverka \u00e5lderstecken i omr\u00e5det kring <strong data-start=\"336\" data-end=\"367\">mons pubis (venusberget) och labia majora (yttre blygdl\u00e4pparna)<\/strong>. Masken kan anv\u00e4ndas som en kurbehandling eller inf\u00f6r ett speciellt tillf\u00e4lle f\u00f6r en omedelbar <strong data-start=\"463\" data-end=\"504\">plumpande och ljusande effekt<\/strong>.<\/p>\n<p data-start=\"509\" data-end=\"541\"><strong data-start=\"509\" data-end=\"539\">S\u00e5 h\u00e4r anv\u00e4nder du masken:<\/strong><\/p>\n<ol data-start=\"542\" data-end=\"760\">\n<li data-start=\"542\" data-end=\"571\">\n<p data-start=\"545\" data-end=\"571\">Reng\u00f6r omr\u00e5det noggrant.<\/p>\n<\/li>\n<li data-start=\"572\" data-end=\"620\">\n<p data-start=\"575\" data-end=\"620\">Applicera masken och avl\u00e4gsna skyddsfilmen.<\/p>\n<\/li>\n<li data-start=\"621\" data-end=\"662\">\n<p data-start=\"624\" data-end=\"662\">L\u00e5t verka i cirka <strong data-start=\"642\" data-end=\"659\">20\u201330 minuter<\/strong>.<\/p>\n<\/li>\n<li data-start=\"663\" data-end=\"760\">\n<p data-start=\"666\" data-end=\"760\">Ta bort masken och massera f\u00f6rsiktigt in eventuellt \u00f6verfl\u00f6digt serum tills det absorberats.<\/p>\n<\/li>\n<\/ol>\n<p data-start=\"762\" data-end=\"789\">Endast f\u00f6r utv\u00e4rtes bruk.<\/p>\n<p data-start=\"791\" data-end=\"822\"><strong data-start=\"791\" data-end=\"820\">Rekommenderad anv\u00e4ndning:<\/strong><\/p>\n<ul data-start=\"823\" data-end=\"1029\">\n<li data-start=\"823\" data-end=\"931\">\n<p data-start=\"825\" data-end=\"931\">F\u00f6r en intensiv \u00e5terfuktningskur: anv\u00e4nd upp till <strong data-start=\"894\" data-end=\"928\">tre g\u00e5nger i veckan i en m\u00e5nad<\/strong>.<\/p>\n<\/li>\n<li data-start=\"932\" data-end=\"1029\">\n<p data-start=\"934\" data-end=\"1029\">F\u00f6r att bibeh\u00e5lla resultatet: upprepa behandlingen <strong data-start=\"985\" data-end=\"1009\">tv\u00e5 g\u00e5nger i m\u00e5naden<\/strong>, eller vid behov.<\/p>\n<\/li>\n<\/ul>\n<h3 data-start=\"1036\" data-end=\"1053\">Unik textur<\/h3>\n<p data-start=\"1055\" data-end=\"1261\">Masken \u00e4r indr\u00e4nkt i ett serum med en fr\u00e4sch, silkeslen och l\u00e4tt konsistens. Efter verkningstiden masseras \u00f6verfl\u00f6dig produkt enkelt in i huden. Formulan absorberas snabbt och l\u00e4mnar inga klibbiga rester.<\/p>\n<h3 data-start=\"1268\" data-end=\"1293\">Aktiva ingredienser<\/h3>\n<p data-start=\"1295\" data-end=\"1715\"><strong data-start=\"1295\" data-end=\"1333\">Hyaluronsyra\u00a0<\/strong><br data-start=\"1333\" data-end=\"1336\" \/>Maskens huvudsakliga aktiva ingrediens Hyaluronsyra har kraftfullt \u00e5terfuktande, elastiserande, skyddande och regenererande egenskaper. Den binder fukt i v\u00e4vnaderna och ger huden ett fylligt, mjukt och v\u00e4l\u00e5terfuktat utseende.<br data-start=\"1562\" data-end=\"1565\" \/>\u00c4mnet f\u00f6rekommer naturligt i huden men minskar gradvis med \u00e5ldern, vilket g\u00f6r tillskott extra viktigt f\u00f6r att bevara hudens elasticitet och komfort.<\/p>\n<p data-start=\"1717\" data-end=\"2065\"><strong data-start=\"1717\" data-end=\"1729\">Kollagen<\/strong><br data-start=\"1729\" data-end=\"1732\" \/>Ett naturligt protein i bindv\u00e4ven som \u00e4r avg\u00f6rande f\u00f6r hudens struktur, fasthet och \u00e5terfuktning. Med tiden minskar kroppens egen kollagenproduktion, vilket kan leda till f\u00f6rlorad hudton samt uppkomsten av rynkor och fina linjer. Genom riktade, topiska kollagenbehandlingar kan hudens \u00e5ldrande bromsas och hudens sp\u00e4nst f\u00f6rb\u00e4ttras.<\/p>\n","protected":false},"excerpt":{"rendered":"<p data-start=\"127\" data-end=\"168\"><strong>Sheet mask f\u00f6r intimomr\u00e5det<\/strong><\/p>\n<p data-start=\"170\" data-end=\"563\">En effektiv och skonsam behandling som \u00e5terfuktar, fyller ut, f\u00f6ryngrar och ger lyster \u00e5t omr\u00e5det kring blygdl\u00e4pparna. Denna <strong data-start=\"307\" data-end=\"347\">naturliga sheet mask f\u00f6r eng\u00e5ngsbruk<\/strong> \u00e4r indr\u00e4nkt i ett exklusivt serum med <strong data-start=\"386\" data-end=\"437\">kollagen och hyaluronsyra i olika molekylvikter<\/strong>, f\u00f6r att \u00e5terst\u00e4lla optimala \u00e5terfuktningsniv\u00e5er och ge huden ett omedelbart mer sp\u00e4nstigt, fylligt och f\u00f6ryngrat utseende.<\/p>\n<p data-start=\"570\" data-end=\"583\"><strong>F\u00f6rdelar:<\/strong><\/p>\n<ul data-start=\"584\" data-end=\"821\">\n<li data-start=\"584\" data-end=\"640\">\n<p data-start=\"586\" data-end=\"640\"><strong data-start=\"586\" data-end=\"602\">\u00c5terfuktande<\/strong> \u2013 tillf\u00f6r intensiv fukt och komfort<\/p>\n<\/li>\n<li data-start=\"641\" data-end=\"700\">\n<p data-start=\"643\" data-end=\"700\"><strong data-start=\"643\" data-end=\"657\">Utfyllande<\/strong> \u2013 g\u00f6r huden mjuk, sp\u00e4nstig och fylligare<\/p>\n<\/li>\n<li data-start=\"701\" data-end=\"765\">\n<p data-start=\"703\" data-end=\"765\"><strong data-start=\"703\" data-end=\"718\">F\u00f6ryngrande<\/strong> \u2013 f\u00f6rb\u00e4ttrar hudens struktur och elasticitet<\/p>\n<\/li>\n<li data-start=\"766\" data-end=\"821\">\n<p data-start=\"768\" data-end=\"821\"><strong data-start=\"768\" data-end=\"779\">Gl\u00f6dande<\/strong> \u2013 ger huden ett fr\u00e4scht och str\u00e5lande glow<\/p>\n<\/li>\n<\/ul>\n","protected":false},"featured_media":23432,"comment_status":"open","ping_status":"closed","template":"","meta":[],"product_brand":[],"product_cat":[237],"product_tag":[],"class_list":{"0":"post-23471","1":"product","2":"type-product","3":"status-publish","4":"has-post-thumbnail","6":"product_cat-kysh-intimvard","8":"first","9":"instock","10":"taxable","11":"shipping-taxable","12":"purchasable","13":"product-type-simple"},"yoast_head":"<!-- This site is optimized with the Yoast SEO plugin v27.5 - https:\/\/yoast.com\/product\/yoast-seo-wordpress\/ -->\n<title>Hydralift Collagen Mask - LYCON Nordic - Sweden - Privat<\/title>\n<meta name=\"robots\" content=\"index, follow, max-snippet:-1, max-image-preview:large, max-video-preview:-1\" \/>\n<link rel=\"canonical\" href=\"https:\/\/lyconnordic.se\/privat\/produkt\/hydralift-collagen-mask\/\" \/>\n<meta property=\"og:locale\" content=\"sv_SE\" \/>\n<meta property=\"og:type\" content=\"article\" \/>\n<meta property=\"og:title\" content=\"Hydralift Collagen Mask - LYCON Nordic - Sweden - Privat\" \/>\n<meta property=\"og:description\" content=\"Sheet mask f\u00f6r intimomr\u00e5det En effektiv och skonsam behandling som \u00e5terfuktar, fyller ut, f\u00f6ryngrar och ger lyster \u00e5t omr\u00e5det kring blygdl\u00e4pparna. Denna naturliga sheet mask f\u00f6r eng\u00e5ngsbruk \u00e4r indr\u00e4nkt i ett exklusivt serum med kollagen och hyaluronsyra i olika molekylvikter, f\u00f6r att \u00e5terst\u00e4lla optimala \u00e5terfuktningsniv\u00e5er och ge huden ett omedelbart mer sp\u00e4nstigt, fylligt och f\u00f6ryngrat utseende. F\u00f6rdelar:     \u00c5terfuktande \u2013 tillf\u00f6r intensiv fukt och komfort    Utfyllande \u2013 g\u00f6r huden mjuk, sp\u00e4nstig och fylligare    F\u00f6ryngrande \u2013 f\u00f6rb\u00e4ttrar hudens struktur och elasticitet    Gl\u00f6dande \u2013 ger huden ett fr\u00e4scht och str\u00e5lande glow\" \/>\n<meta property=\"og:url\" content=\"https:\/\/lyconnordic.se\/privat\/produkt\/hydralift-collagen-mask\/\" \/>\n<meta property=\"og:site_name\" content=\"LYCON Nordic - Sweden - Privat\" \/>\n<meta property=\"article:modified_time\" content=\"2026-03-13T14:30:14+00:00\" \/>\n<meta property=\"og:image\" content=\"https:\/\/lyconnordic.se\/privat\/wp-content\/uploads\/2025\/12\/8388779137786_8388779137793_8388779137809_KYSH-HYDRALIFT-COLLAGEN-MASK-2-1.jpg\" \/>\n\t<meta property=\"og:image:width\" content=\"1365\" \/>\n\t<meta property=\"og:image:height\" content=\"2048\" \/>\n\t<meta property=\"og:image:type\" content=\"image\/jpeg\" \/>\n<meta name=\"twitter:card\" content=\"summary_large_image\" \/>\n<meta name=\"twitter:label1\" content=\"Ber\u00e4knad l\u00e4stid\" \/>\n\t<meta name=\"twitter:data1\" content=\"2 minuter\" \/>\n<script type=\"application\/ld+json\" class=\"yoast-schema-graph\">{\"@context\":\"https:\\\/\\\/schema.org\",\"@graph\":[{\"@type\":\"WebPage\",\"@id\":\"https:\\\/\\\/lyconnordic.se\\\/privat\\\/produkt\\\/hydralift-collagen-mask\\\/\",\"url\":\"https:\\\/\\\/lyconnordic.se\\\/privat\\\/produkt\\\/hydralift-collagen-mask\\\/\",\"name\":\"Hydralift Collagen Mask - LYCON Nordic - Sweden - Privat\",\"isPartOf\":{\"@id\":\"https:\\\/\\\/lyconnordic.se\\\/privat\\\/#website\"},\"primaryImageOfPage\":{\"@id\":\"https:\\\/\\\/lyconnordic.se\\\/privat\\\/produkt\\\/hydralift-collagen-mask\\\/#primaryimage\"},\"image\":{\"@id\":\"https:\\\/\\\/lyconnordic.se\\\/privat\\\/produkt\\\/hydralift-collagen-mask\\\/#primaryimage\"},\"thumbnailUrl\":\"https:\\\/\\\/lyconnordic.se\\\/privat\\\/wp-content\\\/uploads\\\/2025\\\/12\\\/8388779137786_8388779137793_8388779137809_KYSH-HYDRALIFT-COLLAGEN-MASK-2-1.jpg\",\"datePublished\":\"2026-02-11T10:57:59+00:00\",\"dateModified\":\"2026-03-13T14:30:14+00:00\",\"breadcrumb\":{\"@id\":\"https:\\\/\\\/lyconnordic.se\\\/privat\\\/produkt\\\/hydralift-collagen-mask\\\/#breadcrumb\"},\"inLanguage\":\"sv-SE\",\"potentialAction\":[{\"@type\":\"ReadAction\",\"target\":[\"https:\\\/\\\/lyconnordic.se\\\/privat\\\/produkt\\\/hydralift-collagen-mask\\\/\"]}]},{\"@type\":\"ImageObject\",\"inLanguage\":\"sv-SE\",\"@id\":\"https:\\\/\\\/lyconnordic.se\\\/privat\\\/produkt\\\/hydralift-collagen-mask\\\/#primaryimage\",\"url\":\"https:\\\/\\\/lyconnordic.se\\\/privat\\\/wp-content\\\/uploads\\\/2025\\\/12\\\/8388779137786_8388779137793_8388779137809_KYSH-HYDRALIFT-COLLAGEN-MASK-2-1.jpg\",\"contentUrl\":\"https:\\\/\\\/lyconnordic.se\\\/privat\\\/wp-content\\\/uploads\\\/2025\\\/12\\\/8388779137786_8388779137793_8388779137809_KYSH-HYDRALIFT-COLLAGEN-MASK-2-1.jpg\",\"width\":1365,\"height\":2048},{\"@type\":\"BreadcrumbList\",\"@id\":\"https:\\\/\\\/lyconnordic.se\\\/privat\\\/produkt\\\/hydralift-collagen-mask\\\/#breadcrumb\",\"itemListElement\":[{\"@type\":\"ListItem\",\"position\":1,\"name\":\"Hem\",\"item\":\"https:\\\/\\\/lyconnordic.se\\\/privat\\\/\"},{\"@type\":\"ListItem\",\"position\":2,\"name\":\"Produkter\",\"item\":\"https:\\\/\\\/lyconnordic.se\\\/privat\\\/produkter\\\/\"},{\"@type\":\"ListItem\",\"position\":3,\"name\":\"Hydralift Collagen Mask\"}]},{\"@type\":\"WebSite\",\"@id\":\"https:\\\/\\\/lyconnordic.se\\\/privat\\\/#website\",\"url\":\"https:\\\/\\\/lyconnordic.se\\\/privat\\\/\",\"name\":\"LYCON Nordic - Sweden\",\"description\":\"Lycon Nordic - Vax, Milt h\u00e5rborttagningsvax, Brasiliansk Vaxning, Exklusivt h\u00e5rborttagningsvax\",\"potentialAction\":[{\"@type\":\"SearchAction\",\"target\":{\"@type\":\"EntryPoint\",\"urlTemplate\":\"https:\\\/\\\/lyconnordic.se\\\/privat\\\/?s={search_term_string}\"},\"query-input\":{\"@type\":\"PropertyValueSpecification\",\"valueRequired\":true,\"valueName\":\"search_term_string\"}}],\"inLanguage\":\"sv-SE\"}]}<\/script>\n<!-- \/ Yoast SEO plugin. -->","yoast_head_json":{"title":"Hydralift Collagen Mask - LYCON Nordic - Sweden - Privat","robots":{"index":"index","follow":"follow","max-snippet":"max-snippet:-1","max-image-preview":"max-image-preview:large","max-video-preview":"max-video-preview:-1"},"canonical":"https:\/\/lyconnordic.se\/privat\/produkt\/hydralift-collagen-mask\/","og_locale":"sv_SE","og_type":"article","og_title":"Hydralift Collagen Mask - LYCON Nordic - Sweden - Privat","og_description":"Sheet mask f\u00f6r intimomr\u00e5det En effektiv och skonsam behandling som \u00e5terfuktar, fyller ut, f\u00f6ryngrar och ger lyster \u00e5t omr\u00e5det kring blygdl\u00e4pparna. Denna naturliga sheet mask f\u00f6r eng\u00e5ngsbruk \u00e4r indr\u00e4nkt i ett exklusivt serum med kollagen och hyaluronsyra i olika molekylvikter, f\u00f6r att \u00e5terst\u00e4lla optimala \u00e5terfuktningsniv\u00e5er och ge huden ett omedelbart mer sp\u00e4nstigt, fylligt och f\u00f6ryngrat utseende. F\u00f6rdelar:     \u00c5terfuktande \u2013 tillf\u00f6r intensiv fukt och komfort    Utfyllande \u2013 g\u00f6r huden mjuk, sp\u00e4nstig och fylligare    F\u00f6ryngrande \u2013 f\u00f6rb\u00e4ttrar hudens struktur och elasticitet    Gl\u00f6dande \u2013 ger huden ett fr\u00e4scht och str\u00e5lande glow","og_url":"https:\/\/lyconnordic.se\/privat\/produkt\/hydralift-collagen-mask\/","og_site_name":"LYCON Nordic - Sweden - Privat","article_modified_time":"2026-03-13T14:30:14+00:00","og_image":[{"width":1365,"height":2048,"url":"https:\/\/lyconnordic.se\/privat\/wp-content\/uploads\/2025\/12\/8388779137786_8388779137793_8388779137809_KYSH-HYDRALIFT-COLLAGEN-MASK-2-1.jpg","type":"image\/jpeg"}],"twitter_card":"summary_large_image","twitter_misc":{"Ber\u00e4knad l\u00e4stid":"2 minuter"},"schema":{"@context":"https:\/\/schema.org","@graph":[{"@type":"WebPage","@id":"https:\/\/lyconnordic.se\/privat\/produkt\/hydralift-collagen-mask\/","url":"https:\/\/lyconnordic.se\/privat\/produkt\/hydralift-collagen-mask\/","name":"Hydralift Collagen Mask - LYCON Nordic - Sweden - Privat","isPartOf":{"@id":"https:\/\/lyconnordic.se\/privat\/#website"},"primaryImageOfPage":{"@id":"https:\/\/lyconnordic.se\/privat\/produkt\/hydralift-collagen-mask\/#primaryimage"},"image":{"@id":"https:\/\/lyconnordic.se\/privat\/produkt\/hydralift-collagen-mask\/#primaryimage"},"thumbnailUrl":"https:\/\/lyconnordic.se\/privat\/wp-content\/uploads\/2025\/12\/8388779137786_8388779137793_8388779137809_KYSH-HYDRALIFT-COLLAGEN-MASK-2-1.jpg","datePublished":"2026-02-11T10:57:59+00:00","dateModified":"2026-03-13T14:30:14+00:00","breadcrumb":{"@id":"https:\/\/lyconnordic.se\/privat\/produkt\/hydralift-collagen-mask\/#breadcrumb"},"inLanguage":"sv-SE","potentialAction":[{"@type":"ReadAction","target":["https:\/\/lyconnordic.se\/privat\/produkt\/hydralift-collagen-mask\/"]}]},{"@type":"ImageObject","inLanguage":"sv-SE","@id":"https:\/\/lyconnordic.se\/privat\/produkt\/hydralift-collagen-mask\/#primaryimage","url":"https:\/\/lyconnordic.se\/privat\/wp-content\/uploads\/2025\/12\/8388779137786_8388779137793_8388779137809_KYSH-HYDRALIFT-COLLAGEN-MASK-2-1.jpg","contentUrl":"https:\/\/lyconnordic.se\/privat\/wp-content\/uploads\/2025\/12\/8388779137786_8388779137793_8388779137809_KYSH-HYDRALIFT-COLLAGEN-MASK-2-1.jpg","width":1365,"height":2048},{"@type":"BreadcrumbList","@id":"https:\/\/lyconnordic.se\/privat\/produkt\/hydralift-collagen-mask\/#breadcrumb","itemListElement":[{"@type":"ListItem","position":1,"name":"Hem","item":"https:\/\/lyconnordic.se\/privat\/"},{"@type":"ListItem","position":2,"name":"Produkter","item":"https:\/\/lyconnordic.se\/privat\/produkter\/"},{"@type":"ListItem","position":3,"name":"Hydralift Collagen Mask"}]},{"@type":"WebSite","@id":"https:\/\/lyconnordic.se\/privat\/#website","url":"https:\/\/lyconnordic.se\/privat\/","name":"LYCON Nordic - Sweden","description":"Lycon Nordic - Vax, Milt h\u00e5rborttagningsvax, Brasiliansk Vaxning, Exklusivt h\u00e5rborttagningsvax","potentialAction":[{"@type":"SearchAction","target":{"@type":"EntryPoint","urlTemplate":"https:\/\/lyconnordic.se\/privat\/?s={search_term_string}"},"query-input":{"@type":"PropertyValueSpecification","valueRequired":true,"valueName":"search_term_string"}}],"inLanguage":"sv-SE"}]}},"_links":{"self":[{"href":"https:\/\/lyconnordic.se\/privat\/wp-json\/wp\/v2\/product\/23471","targetHints":{"allow":["GET"]}}],"collection":[{"href":"https:\/\/lyconnordic.se\/privat\/wp-json\/wp\/v2\/product"}],"about":[{"href":"https:\/\/lyconnordic.se\/privat\/wp-json\/wp\/v2\/types\/product"}],"replies":[{"embeddable":true,"href":"https:\/\/lyconnordic.se\/privat\/wp-json\/wp\/v2\/comments?post=23471"}],"version-history":[{"count":1,"href":"https:\/\/lyconnordic.se\/privat\/wp-json\/wp\/v2\/product\/23471\/revisions"}],"predecessor-version":[{"id":23472,"href":"https:\/\/lyconnordic.se\/privat\/wp-json\/wp\/v2\/product\/23471\/revisions\/23472"}],"wp:featuredmedia":[{"embeddable":true,"href":"https:\/\/lyconnordic.se\/privat\/wp-json\/wp\/v2\/media\/23432"}],"wp:attachment":[{"href":"https:\/\/lyconnordic.se\/privat\/wp-json\/wp\/v2\/media?parent=23471"}],"wp:term":[{"taxonomy":"product_brand","embeddable":true,"href":"https:\/\/lyconnordic.se\/privat\/wp-json\/wp\/v2\/product_brand?post=23471"},{"taxonomy":"product_cat","embeddable":true,"href":"https:\/\/lyconnordic.se\/privat\/wp-json\/wp\/v2\/product_cat?post=23471"},{"taxonomy":"product_tag","embeddable":true,"href":"https:\/\/lyconnordic.se\/privat\/wp-json\/wp\/v2\/product_tag?post=23471"}],"curies":[{"name":"wp","href":"https:\/\/api.w.org\/{rel}","templated":true}]}}